CRAN Package Check Results for Package iheatmapr

Last updated on 2019-06-16 13:46:33 CEST.

Flavor Version Tinstall Tcheck Ttotal Status Flags
r-devel-linux-x86_64-debian-clang 0.4.8 11.22 112.79 124.01 OK
r-devel-linux-x86_64-debian-gcc 0.4.8 10.57 89.43 100.00 OK
r-devel-linux-x86_64-fedora-clang 0.4.8 143.40 OK
r-devel-linux-x86_64-fedora-gcc 0.4.8 143.17 OK
r-devel-windows-ix86+x86_64 0.4.8 32.00 181.00 213.00 OK
r-patched-linux-x86_64 0.4.8 13.47 114.75 128.22 OK
r-patched-solaris-x86 0.4.8 200.30 OK
r-release-linux-x86_64 0.4.8 11.22 113.73 124.95 OK
r-release-windows-ix86+x86_64 0.4.8 22.00 175.00 197.00 OK
r-release-osx-x86_64 0.4.8 ERROR
r-oldrel-windows-ix86+x86_64 0.4.8 14.00 172.00 186.00 OK
r-oldrel-osx-x86_64 0.4.8 OK

Additional issues

noLD

Check Details

Version: 0.4.8
Check: package dependencies
Result: ERROR
    Package required but not available: ‘S4Vectors’
    
    See section ‘The DESCRIPTION file’ in the ‘Writing R Extensions’
    manual.
Flavor: r-release-osx-x86_64