Last updated on 2023-06-06 04:00:43 CEST.
Flavor | Version | Tinstall | Tcheck | Ttotal | Status | Flags |
---|---|---|---|---|---|---|
r-devel-linux-x86_64-debian-clang | 1.4.3 | 284.27 | 413.48 | 697.75 | OK | |
r-devel-linux-x86_64-debian-gcc | 1.4.3 | 233.14 | 313.89 | 547.03 | OK | |
r-devel-linux-x86_64-fedora-clang | 1.4.3 | 893.09 | NOTE | |||
r-devel-linux-x86_64-fedora-gcc | 1.4.3 | 909.06 | OK | |||
r-devel-windows-x86_64 | 1.4.3 | 333.00 | 429.00 | 762.00 | NOTE | |
r-patched-linux-x86_64 | 1.4.3 | 261.11 | 393.21 | 654.32 | OK | |
r-release-linux-x86_64 | 1.4.3 | 239.09 | 392.55 | 631.64 | OK | |
r-release-macos-arm64 | 1.4.3 | 238.00 | NOTE | |||
r-release-macos-x86_64 | 1.4.2 | 499.00 | NOTE | |||
r-release-windows-x86_64 | 1.4.3 | 391.00 | 553.00 | 944.00 | NOTE | |
r-oldrel-macos-arm64 | 1.4.3 | 236.00 | NOTE | |||
r-oldrel-macos-x86_64 | 1.4.3 | 257.00 | NOTE | |||
r-oldrel-windows-x86_64 | 1.4.3 | 352.00 | 420.00 | 772.00 | NOTE |
Version: 1.4.3
Check: installed package size
Result: NOTE
installed size is 8.0Mb
sub-directories of 1Mb or more:
R 1.5Mb
doc 1.2Mb
help 1.4Mb
libs 3.3Mb
Flavors: r-devel-linux-x86_64-fedora-clang, r-devel-windows-x86_64, r-release-macos-arm64, r-release-windows-x86_64, r-oldrel-macos-arm64, r-oldrel-macos-x86_64, r-oldrel-windows-x86_64
Version: 1.4.2
Check: installed package size
Result: NOTE
installed size is 22.9Mb
sub-directories of 1Mb or more:
R 2.0Mb
doc 1.2Mb
help 2.3Mb
libs 16.9Mb
Flavor: r-release-macos-x86_64