CRAN Package Check Results for Package igoR

Last updated on 2022-01-21 23:01:52 CET.

Flavor Version Tinstall Tcheck Ttotal Status Flags
r-devel-linux-x86_64-debian-clang 0.1.3 7.81 71.54 79.35 OK
r-devel-linux-x86_64-debian-gcc 0.1.3 7.15 54.14 61.29 OK
r-devel-linux-x86_64-fedora-clang 0.1.3 97.76 NOTE
r-devel-linux-x86_64-fedora-gcc 0.1.3 86.89 NOTE
r-devel-windows-x86_64-new-UL 0.1.3 26.00 98.00 124.00 OK
r-devel-windows-x86_64-new-TK 0.1.3 NOTE
r-patched-linux-x86_64 0.1.3 7.32 69.17 76.49 OK
r-release-linux-x86_64 0.1.3 7.46 69.40 76.86 OK
r-release-macos-arm64 0.1.3 NOTE
r-release-macos-x86_64 0.1.3 NOTE
r-release-windows-ix86+x86_64 0.1.3 14.00 77.00 91.00 OK
r-oldrel-macos-x86_64 0.1.3 NOTE
r-oldrel-windows-ix86+x86_64 0.1.3 15.00 77.00 92.00 OK

Check Details

Version: 0.1.3
Check: data for non-ASCII characters
Result: NOTE
     Note: found 160 marked UTF-8 strings
Flavors: r-devel-linux-x86_64-fedora-clang, r-devel-linux-x86_64-fedora-gcc, r-devel-windows-x86_64-new-TK, r-release-macos-arm64, r-release-macos-x86_64, r-oldrel-macos-x86_64