CRAN Package Check Results for Package ifctools

Last updated on 2019-04-22 19:48:44 CEST.

Flavor Version Tinstall Tcheck Ttotal Status Flags
r-devel-linux-x86_64-debian-clang 0.3.2 2.68 17.36 20.04 OK
r-devel-linux-x86_64-debian-gcc 0.3.2 1.88 14.17 16.05 OK
r-devel-linux-x86_64-fedora-clang 0.3.2 24.02 NOTE
r-devel-linux-x86_64-fedora-gcc 0.3.2 23.83 NOTE
r-devel-windows-ix86+x86_64 0.3.2 13.00 40.00 53.00 OK
r-patched-linux-x86_64 0.3.2 2.41 17.58 19.99 OK
r-patched-solaris-x86 0.3.2 38.40 OK
r-release-linux-x86_64 0.3.2 1.59 16.54 18.13 OK
r-release-windows-ix86+x86_64 0.3.2 8.00 54.00 62.00 OK
r-release-osx-x86_64 0.3.2 OK
r-oldrel-windows-ix86+x86_64 0.3.2 8.00 50.00 58.00 OK
r-oldrel-osx-x86_64 0.3.2 OK

Check Details

Version: 0.3.2
Check: compiled code
Result: NOTE
    File ‘ifctools/libs/ifctools.so’:
     Found no calls to: ‘R_registerRoutines’, ‘R_useDynamicSymbols’
    
    It is good practice to register native routines and to disable symbol
    search.
    
    See ‘Writing portable packages’ in the ‘Writing R Extensions’ manual.
Flavors: r-devel-linux-x86_64-fedora-clang, r-devel-linux-x86_64-fedora-gcc