CRAN Package Check Results for Package ifaTools

Last updated on 2019-04-26 06:47:41 CEST.

Flavor Version Tinstall Tcheck Ttotal Status Flags
r-devel-linux-x86_64-debian-clang 0.19 9.97 168.29 178.26 OK
r-devel-linux-x86_64-debian-gcc 0.19 9.28 134.42 143.70 OK
r-devel-linux-x86_64-fedora-clang 0.19 203.62 OK
r-devel-linux-x86_64-fedora-gcc 0.19 198.54 OK
r-devel-windows-ix86+x86_64 0.19 31.00 227.00 258.00 OK
r-patched-linux-x86_64 0.19 10.12 162.39 172.51 OK
r-patched-solaris-x86 0.19 328.70 ERROR
r-release-linux-x86_64 0.19 6.69 167.33 174.02 OK
r-release-windows-ix86+x86_64 0.19 19.00 229.00 248.00 OK
r-release-osx-x86_64 0.19 OK
r-oldrel-windows-ix86+x86_64 0.19 13.00 183.00 196.00 OK
r-oldrel-osx-x86_64 0.19 OK

Check Details

Version: 0.19
Check: examples
Result: ERROR
    Running examples in ‘ifaTools-Ex.R’ failed
    The error most likely occurred in:
    
    > ### Name: univariatePrior
    > ### Title: Univariate priors commonly used in IFA models
    > ### Aliases: univariatePrior
    >
    > ### ** Examples
    >
    > model <- univariatePrior("logit-norm", "x1", -1)
    > model$priorParam$values[1,1] <- -.6
    > model <- mxRun(model)
    Running univariatePrior with 1 parameter
    Error in runHelper(model, frontendStart, intervals, silent, suppressWarnings, :
     Element-wise '+' not conformable: 'alg050 arg 0' is 0x0 and 'alg050 arg 1' is 0x0
    alg050 arg 0 = matrix(c( # 0x0), byrow=TRUE, nrow=0, ncol=0)
    alg050 arg 1 = matrix(c( # 0x0), byrow=TRUE, nrow=0, ncol=0)
    Calls: mxRun -> runHelper
    Execution halted
Flavor: r-patched-solaris-x86

Version: 0.19
Check: tests
Result: ERROR
     Running ‘testthat.R’ [110s/102s]
    Running the tests in ‘tests/testthat.R’ failed.
    Complete output:
     > # NOTE: This will not test an uninstalled package.
     > library(testthat)
     > test_check('ifaTools')
     Loading required package: ifaTools
     Loading required package: shiny
     Loading required package: ggplot2
     Loading required package: reshape2
     Loading required package: rpf
     Loading required package: parallel
     Loading required package: OpenMx
     To take full advantage of multiple cores, use:
     mxOption(NULL, 'Number of Threads', parallel::detectCores()) #now
     Sys.setenv(OMP_NUM_THREADS=parallel::detectCores()) #before library(OpenMx)
     Welcome to ifaTools!
     Use itemModelExplorer() to explore item models.
     Use modelBuilder() to build an IFA model.
     [1] "/home/ripley/R/packages/tests32/ifaTools.Rcheck/tests/testthat"
     ── 1. Failure: addExploratoryFactors (@test-addExploratoryFactor.R#80) ────────
     m1$output$fit - m2$output$fit not equal to 115.39.
     1/1 mismatches
     [1] 223 - 115 == 108
    
     ── 2. Error: uniquenessPrior (@test-prior.R#54) ───────────────────────────────
     Element-wise '*' not conformable: 'alg161 arg 0' is 0x0 and 'alg161 arg 1' is 1x3
     alg161 arg 0 = matrix(c( # 0x0), byrow=TRUE, nrow=0, ncol=0)
     alg161 arg 1 = matrix(c( # 1x3
     2, 5, 7.9999), byrow=TRUE, nrow=1, ncol=3)
     1: checkAnalyticDeriv(omxAssignFirstParameters(m1)) at testthat/test-prior.R:54
     2: mxRun(mxModel(m1, mxComputeSequence(list(mxComputeNumericDeriv(checkGradient = FALSE),
     mxComputeReportDeriv()))), silent = TRUE) at testthat/test-prior.R:10
     3: runHelper(model, frontendStart, intervals, silent, suppressWarnings, unsafe, checkpoint,
     useSocket, onlyFrontend, useOptimizer)
    
     ══ testthat results ═══════════════════════════════════════════════════════════
     OK: 8 SKIPPED: 0 FAILED: 2
     1. Failure: addExploratoryFactors (@test-addExploratoryFactor.R#80)
     2. Error: uniquenessPrior (@test-prior.R#54)
    
     Error: testthat unit tests failed
     Execution halted
Flavor: r-patched-solaris-x86

Version: 0.19
Check: re-building of vignette outputs
Result: WARN
    Error(s) in re-building vignettes:
     ...
    --- re-building ‘pritikin-schmidt.Rnw’ using knitr
    Quitting from lines 1344-1399 (pritikin-schmidt.Rnw)
    Error: processing vignette 'pritikin-schmidt.Rnw' failed with diagnostics:
    Fit not achieved
    --- failed re-building ‘pritikin-schmidt.Rnw’
    
    SUMMARY: processing the following file failed:
     ‘pritikin-schmidt.Rnw’
    
    Error: Vignette re-building failed.
    Execution halted
Flavor: r-patched-solaris-x86