CRAN Package Check Results for Package ifaTools

Last updated on 2019-07-21 07:49:12 CEST.

Flavor Version Tinstall Tcheck Ttotal Status Flags
r-devel-linux-x86_64-debian-clang 0.19 10.90 178.78 189.68 OK
r-devel-linux-x86_64-debian-gcc 0.19 8.12 139.13 147.25 OK
r-devel-linux-x86_64-fedora-clang 0.19 207.32 OK
r-devel-linux-x86_64-fedora-gcc 0.19 215.11 OK
r-devel-windows-ix86+x86_64 0.19 20.00 232.00 252.00 OK
r-patched-linux-x86_64 0.19 11.09 167.99 179.08 OK
r-patched-solaris-x86 0.19 296.90 ERROR
r-release-linux-x86_64 0.19 9.87 165.50 175.37 OK
r-release-windows-ix86+x86_64 0.19 22.00 176.00 198.00 OK
r-release-osx-x86_64 0.19 OK
r-oldrel-windows-ix86+x86_64 0.19 25.00 164.00 189.00 OK
r-oldrel-osx-x86_64 0.19 OK

Check Details

Version: 0.19
Check: examples
Result: ERROR
    Running examples in ‘ifaTools-Ex.R’ failed
    The error most likely occurred in:
    
    > ### Name: univariatePrior
    > ### Title: Univariate priors commonly used in IFA models
    > ### Aliases: univariatePrior
    >
    > ### ** Examples
    >
    > model <- univariatePrior("logit-norm", "x1", -1)
    > model$priorParam$values[1,1] <- -.6
    > model <- mxRun(model)
    Running univariatePrior with 1 parameter
    Error: C stack usage 228955284 is too close to the limit
    Error: The job for model 'univariatePrior' exited abnormally with the error message: User interrupt
    Execution halted
Flavor: r-patched-solaris-x86

Version: 0.19
Check: tests
Result: ERROR
     Running ‘testthat.R’ [81s/68s]
    Running the tests in ‘tests/testthat.R’ failed.
    Complete output:
     > # NOTE: This will not test an uninstalled package.
     > library(testthat)
     > test_check('ifaTools')
     Loading required package: ifaTools
     Loading required package: shiny
     Loading required package: ggplot2
     Loading required package: reshape2
     Loading required package: rpf
     Loading required package: parallel
     Loading required package: OpenMx
     To take full advantage of multiple cores, use:
     mxOption(key='Number of Threads', value=parallel::detectCores()) #now
     Sys.setenv(OMP_NUM_THREADS=parallel::detectCores()) #before library(OpenMx)
     Welcome to ifaTools!
     Use itemModelExplorer() to explore item models.
     Use modelBuilder() to build an IFA model.
     [1] "/home/ripley/R/packages/tests32/ifaTools.Rcheck/tests/testthat"
     ── 1. Failure: addExploratoryFactors (@test-addExploratoryFactor.R#80) ────────
     m1$output$fit - m2$output$fit not equal to 115.39.
     1/1 mismatches
     [1] -35360 - 115 == -35475
    
     Error: C stack usage 239899796 is too close to the limit
     ── 2. Error: univariatePrior (@test-prior.R#24) ───────────────────────────────
     The job for model 'univariatePrior' exited abnormally with the error message: User interrupt
     1: checkAnalyticDeriv(mxModel(univariatePrior("lnorm", "x", 1.1), mxMatrix(nrow = 1,
     ncol = 1, labels = "x", free = TRUE, name = "par", values = 0.3))) at testthat/test-prior.R:24
     2: mxRun(mxModel(m1, mxComputeSequence(list(mxComputeNumericDeriv(checkGradient = FALSE),
     mxComputeReportDeriv()))), silent = TRUE) at testthat/test-prior.R:10
     3: runHelper(model, frontendStart, intervals, silent, suppressWarnings, unsafe, checkpoint,
     useSocket, onlyFrontend, useOptimizer, beginMessage)
     4: processErrorConditions(model, unsafe, suppressWarnings)
     5: stop(paste("The job for model", omxQuotes(model@name), "exited abnormally with the error message:",
     output$error), call. = FALSE)
    
     Error: C stack usage 239899796 is too close to the limit
     ── 3. Error: uniquenessPrior (@test-prior.R#54) ───────────────────────────────
     The job for model 'test' exited abnormally with the error message: User interrupt
     1: checkAnalyticDeriv(omxAssignFirstParameters(m1)) at testthat/test-prior.R:54
     2: mxRun(mxModel(m1, mxComputeSequence(list(mxComputeNumericDeriv(checkGradient = FALSE),
     mxComputeReportDeriv()))), silent = TRUE) at testthat/test-prior.R:10
     3: runHelper(model, frontendStart, intervals, silent, suppressWarnings, unsafe, checkpoint,
     useSocket, onlyFrontend, useOptimizer, beginMessage)
     4: processErrorConditions(model, unsafe, suppressWarnings)
     5: stop(paste("The job for model", omxQuotes(model@name), "exited abnormally with the error message:",
     output$error), call. = FALSE)
    
     ══ testthat results ═══════════════════════════════════════════════════════════
     OK: 0 SKIPPED: 0 WARNINGS: 2 FAILED: 3
     1. Failure: addExploratoryFactors (@test-addExploratoryFactor.R#80)
     2. Error: univariatePrior (@test-prior.R#24)
     3. Error: uniquenessPrior (@test-prior.R#54)
    
     Error: testthat unit tests failed
     Execution halted
Flavor: r-patched-solaris-x86

Version: 0.19
Check: re-building of vignette outputs
Result: WARN
    Error(s) in re-building vignettes:
     ...
    --- re-building ‘pritikin-schmidt.Rnw’ using knitr
    Quitting from lines 1344-1399 (pritikin-schmidt.Rnw)
    Error: processing vignette 'pritikin-schmidt.Rnw' failed with diagnostics:
    Fit not achieved
    --- failed re-building ‘pritikin-schmidt.Rnw’
    
    SUMMARY: processing the following file failed:
     ‘pritikin-schmidt.Rnw’
    
    Error: Vignette re-building failed.
    Execution halted
Flavor: r-patched-solaris-x86