Last updated on 2023-03-22 05:52:28 CET.
Flavor | Version | Tinstall | Tcheck | Ttotal | Status | Flags |
---|---|---|---|---|---|---|
r-devel-linux-x86_64-debian-clang | 0.9.99 | 2.45 | 29.59 | 32.04 | OK | |
r-devel-linux-x86_64-debian-gcc | 0.9.99 | 1.33 | 23.55 | 24.88 | OK | |
r-devel-linux-x86_64-fedora-clang | 0.9.99 | 42.90 | NOTE | |||
r-devel-linux-x86_64-fedora-gcc | 0.9.99 | 48.65 | NOTE | |||
r-patched-linux-x86_64 | 0.9.99 | 1.97 | 30.44 | 32.41 | OK | |
r-release-linux-x86_64 | 0.9.99 | 2.07 | 30.46 | 32.53 | OK | |
r-release-macos-arm64 | 0.9.99 | 19.00 | NOTE | |||
r-release-macos-x86_64 | 0.9.99 | 28.00 | NOTE | |||
r-release-windows-x86_64 | 0.9.99 | 29.00 | 68.00 | 97.00 | OK | |
r-oldrel-macos-arm64 | 0.9.99 | 20.00 | NOTE | |||
r-oldrel-macos-x86_64 | 0.9.99 | 34.00 | NOTE | |||
r-oldrel-windows-ix86+x86_64 | 0.9.99 | 5.00 | 60.00 | 65.00 | OK |
Version: 0.9.99
Check: data for non-ASCII characters
Result: NOTE
Note: found 40 marked UTF-8 strings
Flavors: r-devel-linux-x86_64-fedora-clang, r-devel-linux-x86_64-fedora-gcc, r-release-macos-arm64, r-release-macos-x86_64, r-oldrel-macos-arm64, r-oldrel-macos-x86_64