CRAN Package Check Results for Package iemisc

Last updated on 2019-06-24 15:48:14 CEST.

Flavor Version Tinstall Tcheck Ttotal Status Flags
r-devel-linux-x86_64-debian-clang 0.9.7 10.55 71.36 81.91 NOTE
r-devel-linux-x86_64-debian-gcc 0.9.7 7.98 54.48 62.46 NOTE
r-devel-linux-x86_64-fedora-clang 0.9.7 97.43 NOTE
r-devel-linux-x86_64-fedora-gcc 0.9.7 92.70 NOTE
r-devel-windows-ix86+x86_64 0.9.7 30.00 92.00 122.00 OK
r-patched-linux-x86_64 0.9.7 10.00 68.80 78.80 NOTE
r-patched-solaris-x86 0.9.7 149.80 NOTE
r-release-linux-x86_64 0.9.7 9.14 68.73 77.87 NOTE
r-release-windows-ix86+x86_64 0.9.7 21.00 142.00 163.00 OK
r-release-osx-x86_64 0.9.7 NOTE
r-oldrel-windows-ix86+x86_64 0.9.7 13.00 85.00 98.00 OK
r-oldrel-osx-x86_64 0.9.7 OK

Check Details

Version: 0.9.7
Check: package dependencies
Result: NOTE
    Package suggested but not available for checking: 'financial'
Flavors: r-devel-linux-x86_64-debian-clang, r-devel-linux-x86_64-debian-gcc, r-devel-linux-x86_64-fedora-clang, r-devel-linux-x86_64-fedora-gcc, r-patched-linux-x86_64, r-patched-solaris-x86, r-release-linux-x86_64, r-release-osx-x86_64