CRAN Package Check Results for Package iemisc

Last updated on 2019-04-19 21:46:48 CEST.

Flavor Version Tinstall Tcheck Ttotal Status Flags
r-devel-linux-x86_64-debian-clang 0.9.7 10.59 70.74 81.33 NOTE
r-devel-linux-x86_64-debian-gcc 0.9.7 9.09 56.06 65.15 NOTE
r-devel-linux-x86_64-fedora-clang 0.9.7 97.15 NOTE
r-devel-linux-x86_64-fedora-gcc 0.9.7 91.68 NOTE
r-devel-windows-ix86+x86_64 0.9.7 31.00 131.00 162.00 OK
r-patched-linux-x86_64 0.9.7 10.12 67.70 77.82 NOTE
r-patched-solaris-x86 0.9.7 146.80 NOTE
r-release-linux-x86_64 0.9.7 7.54 65.56 73.10 NOTE
r-release-windows-ix86+x86_64 0.9.7 13.00 115.00 128.00 OK
r-release-osx-x86_64 0.9.7 OK
r-oldrel-windows-ix86+x86_64 0.9.7 14.00 129.00 143.00 OK
r-oldrel-osx-x86_64 0.9.7 OK

Check Details

Version: 0.9.7
Check: package dependencies
Result: NOTE
    Package suggested but not available for checking: 'financial'
Flavors: r-devel-linux-x86_64-debian-clang, r-devel-linux-x86_64-debian-gcc, r-devel-linux-x86_64-fedora-clang, r-devel-linux-x86_64-fedora-gcc, r-patched-linux-x86_64, r-patched-solaris-x86, r-release-linux-x86_64