Last updated on 2023-12-08 14:50:33 CET.
Flavor | Version | Tinstall | Tcheck | Ttotal | Status | Flags |
---|---|---|---|---|---|---|
r-devel-linux-x86_64-debian-clang | 0.3.0 | 5.13 | 42.89 | 48.02 | OK | |
r-devel-linux-x86_64-debian-gcc | 0.3.0 | 4.12 | 32.54 | 36.66 | OK | |
r-devel-linux-x86_64-fedora-clang | 0.3.0 | 59.64 | NOTE | |||
r-devel-linux-x86_64-fedora-gcc | 0.3.0 | 67.96 | OK | |||
r-devel-windows-x86_64 | 0.3.0 | 5.00 | 54.00 | 59.00 | OK | |
r-patched-linux-x86_64 | 0.3.0 | 5.05 | 41.53 | 46.58 | OK | |
r-release-linux-x86_64 | 0.3.0 | 3.10 | 41.18 | 44.28 | OK | |
r-release-macos-arm64 | 0.3.0 | 30.00 | OK | |||
r-release-macos-x86_64 | 0.3.0 | 49.00 | OK | |||
r-release-windows-x86_64 | 0.3.0 | 7.00 | 56.00 | 63.00 | OK | |
r-oldrel-macos-arm64 | 0.3.0 | 25.00 | OK | |||
r-oldrel-macos-x86_64 | 0.3.0 | 37.00 | OK | |||
r-oldrel-windows-x86_64 | 0.3.0 | 7.00 | 61.00 | 68.00 | OK |
Version: 0.3.0
Check: Rd cross-references
Result: NOTE
Undeclared package ‘tibble’ in Rd xrefs
Flavor: r-devel-linux-x86_64-fedora-clang