CRAN Package Check Results for Package ideq

Last updated on 2021-12-05 22:48:54 CET.

Flavor Version Tinstall Tcheck Ttotal Status Flags
r-devel-linux-x86_64-debian-clang 0.1.4 119.33 50.41 169.74 OK
r-devel-linux-x86_64-debian-gcc 0.1.4 83.41 40.21 123.62 OK
r-devel-linux-x86_64-fedora-clang 0.1.4 255.90 NOTE
r-devel-linux-x86_64-fedora-gcc 0.1.4 218.65 OK
r-devel-windows-x86_64-new-UL 0.1.4 141.00 108.00 249.00 OK
r-devel-windows-x86_64-new-TK 0.1.4 OK
r-devel-windows-x86_64-old 0.1.4 151.00 59.00 210.00 OK
r-patched-linux-x86_64 0.1.4 99.66 41.84 141.50 OK
r-release-linux-x86_64 0.1.4 100.88 49.08 149.96 OK
r-release-macos-arm64 0.1.4 NOTE
r-release-macos-x86_64 0.1.4 NOTE
r-release-windows-ix86+x86_64 0.1.4 292.00 106.00 398.00 OK
r-oldrel-macos-x86_64 0.1.4 NOTE
r-oldrel-windows-ix86+x86_64 0.1.4 288.00 106.00 394.00 OK

Check Details

Version: 0.1.4
Check: installed package size
Result: NOTE
     installed size is 6.2Mb
     sub-directories of 1Mb or more:
     libs 5.9Mb
Flavors: r-devel-linux-x86_64-fedora-clang, r-release-macos-arm64, r-release-macos-x86_64, r-oldrel-macos-x86_64