Last updated on 2022-08-09 10:52:23 CEST.
Flavor | Version | Tinstall | Tcheck | Ttotal | Status | Flags |
---|---|---|---|---|---|---|
r-devel-linux-x86_64-debian-clang | 0.10.1 | 44.24 | 252.05 | 296.29 | OK | |
r-devel-linux-x86_64-debian-gcc | 0.10.1 | 37.82 | 198.02 | 235.84 | OK | |
r-devel-linux-x86_64-fedora-clang | 0.10.1 | 621.69 | NOTE | |||
r-devel-linux-x86_64-fedora-gcc | 0.10.1 | 595.10 | NOTE | |||
r-devel-windows-x86_64 | 0.10.1 | 67.00 | 146.00 | 213.00 | OK | --no-vignettes |
r-patched-linux-x86_64 | 0.10.1 | 37.49 | 266.65 | 304.14 | OK | |
r-release-linux-x86_64 | 0.10.1 | OK | ||||
r-release-macos-arm64 | 0.10.1 | 181.00 | WARN | |||
r-release-macos-x86_64 | 0.10.1 | 218.00 | WARN | |||
r-release-windows-x86_64 | 0.10.1 | 81.00 | 159.00 | 240.00 | OK | --no-vignettes |
r-oldrel-macos-arm64 | 0.10.1 | 111.00 | OK | |||
r-oldrel-macos-x86_64 | 0.10.1 | 200.00 | OK | |||
r-oldrel-windows-ix86+x86_64 | 0.10.1 | 119.00 | 183.00 | 302.00 | OK | --no-vignettes |
Version: 0.10.1
Check: for detritus in the temp directory
Result: NOTE
Found the following files/directories:
‘Crashpad’
Flavors: r-devel-linux-x86_64-fedora-clang, r-devel-linux-x86_64-fedora-gcc
Version: 0.10.1
Check: for missing documentation entries
Result: WARN
Undocumented S4 methods:
generic 'values<-' and siglist 'gridlayer,ANY'
All user-level objects in a package (including S4 classes and methods)
should have documentation entries.
See chapter ‘Writing R documentation files’ in the ‘Writing R
Extensions’ manual.
Flavors: r-release-macos-arm64, r-release-macos-x86_64