CRAN Package Check Results for Package iconr

Last updated on 2022-08-12 08:52:07 CEST.

Flavor Version Tinstall Tcheck Ttotal Status Flags
r-devel-linux-x86_64-debian-clang 0.1.0 3.63 61.80 65.43 NOTE
r-devel-linux-x86_64-debian-gcc 0.1.0 2.22 38.95 41.17 NOTE
r-devel-linux-x86_64-fedora-clang 0.1.0 81.88 NOTE
r-devel-linux-x86_64-fedora-gcc 0.1.0 70.74 NOTE
r-devel-windows-x86_64 0.1.0 25.00 83.00 108.00 NOTE
r-patched-linux-x86_64 0.1.0 3.68 49.70 53.38 NOTE
r-release-linux-x86_64 0.1.0 2.04 49.21 51.25 NOTE
r-release-macos-arm64 0.1.0 37.00 NOTE
r-release-macos-x86_64 0.1.0 47.00 NOTE
r-release-windows-x86_64 0.1.0 22.00 83.00 105.00 NOTE
r-oldrel-macos-arm64 0.1.0 31.00 NOTE
r-oldrel-macos-x86_64 0.1.0 70.00 NOTE
r-oldrel-windows-ix86+x86_64 0.1.0 7.00 70.00 77.00 NOTE

Check Details

Version: 0.1.0
Check: LazyData
Result: NOTE
     'LazyData' is specified without a 'data' directory
Flavors: r-devel-linux-x86_64-debian-clang, r-devel-linux-x86_64-debian-gcc, r-devel-linux-x86_64-fedora-clang, r-devel-linux-x86_64-fedora-gcc, r-devel-windows-x86_64, r-patched-linux-x86_64, r-release-linux-x86_64, r-release-macos-arm64, r-release-macos-x86_64, r-release-windows-x86_64, r-oldrel-macos-arm64, r-oldrel-macos-x86_64, r-oldrel-windows-ix86+x86_64