CRAN Package Check Results for Package icesAdvice

Last updated on 2023-12-04 20:10:01 CET.

Flavor Version Tinstall Tcheck Ttotal Status Flags
r-devel-linux-x86_64-debian-clang 2.1.1 1.62 24.27 25.89 NOTE
r-devel-linux-x86_64-debian-gcc 2.1.1 1.86 18.80 20.66 NOTE
r-devel-linux-x86_64-fedora-clang 2.1.1 33.79 OK
r-devel-linux-x86_64-fedora-gcc 2.1.1 32.70 OK
r-devel-windows-x86_64 2.1.1 4.00 42.00 46.00 OK
r-patched-linux-x86_64 2.1.1 2.20 23.82 26.02 OK
r-release-linux-x86_64 2.1.1 2.40 23.71 26.11 OK
r-release-macos-arm64 2.1.1 15.00 OK
r-release-macos-x86_64 2.1.1 21.00 OK
r-release-windows-x86_64 2.1.1 3.00 42.00 45.00 OK
r-oldrel-macos-arm64 2.1.1 18.00 OK
r-oldrel-macos-x86_64 2.1.1 23.00 OK
r-oldrel-windows-x86_64 2.1.1 6.00 49.00 55.00 OK

Check Details

Version: 2.1.1
Check: Rd files
Result: NOTE checkRd: (-1) Bpa.Rd:39-40: Lost braces 39 | stocks. \doi{10.17895/ices.pub.3036}{\emph{ICES Advice | ^ checkRd: (-1) Fpa.Rd:42-43: Lost braces 42 | stocks. \doi{10.17895/ices.pub.3036}{\emph{ICES Advice | ^ checkRd: (-1) icesRound.Rd:64-65: Lost braces 64 | \doi{10.17895/ices.pub.3038}{\emph{ICES Advice Technical | ^ checkRd: (-1) mohn.Rd:71-72: Lost braces 71 | \doi{10.17895/ices.pub.5997}{\emph{ICES Scientific Reports | ^ Flavors: r-devel-linux-x86_64-debian-clang, r-devel-linux-x86_64-debian-gcc