CRAN Package Check Results for Package icertool

Last updated on 2024-06-20 10:50:24 CEST.

Flavor Version Tinstall Tcheck Ttotal Status Flags
r-devel-linux-x86_64-debian-clang 0.0.3 3.05 24.72 27.77 OK
r-devel-linux-x86_64-debian-gcc 0.0.3 2.21 19.32 21.53 OK
r-devel-linux-x86_64-fedora-clang 0.0.3 35.03 NOTE
r-devel-linux-x86_64-fedora-gcc 0.0.3 32.57 NOTE
r-devel-windows-x86_64 0.0.3 5.00 45.00 50.00 OK
r-patched-linux-x86_64 0.0.3 2.10 23.72 25.82 OK
r-release-linux-x86_64 0.0.3 1.84 23.69 25.53 OK
r-release-macos-arm64 0.0.3 17.00 OK
r-release-macos-x86_64 0.0.3 25.00 OK
r-release-windows-x86_64 0.0.3 4.00 50.00 54.00 OK
r-oldrel-macos-arm64 0.0.3 18.00 OK
r-oldrel-macos-x86_64 0.0.3 21.00 OK
r-oldrel-windows-x86_64 0.0.3 5.00 45.00 50.00 OK

Check Details

Version: 0.0.3
Check: dependencies in R code
Result: NOTE Namespaces in Imports field not imported from: ‘digest’ ‘purrr’ ‘tidyverse’ All declared Imports should be used. Flavors: r-devel-linux-x86_64-fedora-clang, r-devel-linux-x86_64-fedora-gcc