CRAN Package Check Results for Package icensBKL

Last updated on 2022-05-23 19:51:01 CEST.

Flavor Version Tinstall Tcheck Ttotal Status Flags
r-devel-linux-x86_64-debian-clang 1.3 9.72 93.51 103.23 NOTE
r-devel-linux-x86_64-debian-gcc 1.3 7.60 71.82 79.42 NOTE
r-devel-linux-x86_64-fedora-clang 1.3 129.73 NOTE
r-devel-linux-x86_64-fedora-gcc 1.3 124.67 NOTE
r-devel-windows-x86_64 1.3 26.00 112.00 138.00 OK
r-patched-linux-x86_64 1.3 9.24 11.52 20.76 FAIL
r-release-linux-x86_64 1.3 NOTE
r-release-macos-arm64 1.3 38.00 NOTE
r-release-macos-x86_64 1.3 50.00 NOTE
r-release-windows-x86_64 1.3 26.00 110.00 136.00 OK
r-oldrel-macos-arm64 1.3 32.00 NOTE
r-oldrel-macos-x86_64 1.3 51.00 NOTE
r-oldrel-windows-ix86+x86_64 1.3 21.00 107.00 128.00 OK

Check Details

Version: 1.3
Check: package dependencies
Result: NOTE
    Package suggested but not available for checking: 'glrt'
Flavors: r-devel-linux-x86_64-debian-clang, r-devel-linux-x86_64-debian-gcc, r-release-linux-x86_64

Version: 1.3
Check: package dependencies
Result: NOTE
    Packages suggested but not available for checking: 'glrt', 'MIICD'
Flavors: r-devel-linux-x86_64-fedora-clang, r-devel-linux-x86_64-fedora-gcc

Version: 1.3
Check: package dependencies
Result: FAIL
Flavor: r-patched-linux-x86_64

Version: 1.3
Check: package dependencies
Result: NOTE
    Package suggested but not available for checking: ‘mixAK’
Flavors: r-release-macos-arm64, r-oldrel-macos-arm64, r-oldrel-macos-x86_64

Version: 1.3
Check: package dependencies
Result: NOTE
    Packages suggested but not available for checking: 'mixAK', 'runjags'
Flavor: r-release-macos-x86_64