CRAN Package Check Results for Package icenReg

Last updated on 2022-01-23 17:48:18 CET.

Flavor Version Tinstall Tcheck Ttotal Status Flags
r-devel-linux-x86_64-debian-clang 2.0.15 75.95 180.77 256.72 OK
r-devel-linux-x86_64-debian-gcc 2.0.15 58.99 141.74 200.73 OK
r-devel-linux-x86_64-fedora-clang 2.0.15 325.74 NOTE
r-devel-linux-x86_64-fedora-gcc 2.0.15 305.99 OK
r-devel-windows-x86_64-new-UL 2.0.15 157.00 320.00 477.00 OK
r-devel-windows-x86_64-new-TK 2.0.15 OK
r-patched-linux-x86_64 2.0.15 67.34 174.20 241.54 OK
r-release-linux-x86_64 2.0.15 64.25 172.29 236.54 OK
r-release-macos-arm64 2.0.15 NOTE
r-release-macos-x86_64 2.0.15 NOTE
r-release-windows-ix86+x86_64 2.0.15 144.00 341.00 485.00 OK
r-oldrel-macos-x86_64 2.0.15 NOTE
r-oldrel-windows-ix86+x86_64 2.0.15 142.00 348.00 490.00 OK

Check Details

Version: 2.0.15
Check: installed package size
Result: NOTE
     installed size is 14.3Mb
     sub-directories of 1Mb or more:
     libs 12.9Mb
Flavors: r-devel-linux-x86_64-fedora-clang, r-release-macos-arm64, r-release-macos-x86_64, r-oldrel-macos-x86_64