CRAN Package Check Results for Package icenReg

Last updated on 2022-07-03 21:53:04 CEST.

Flavor Version Tinstall Tcheck Ttotal Status Flags
r-devel-linux-x86_64-debian-clang 2.0.15 73.95 176.61 250.56 OK
r-devel-linux-x86_64-debian-gcc 2.0.15 61.57 130.59 192.16 OK
r-devel-linux-x86_64-fedora-clang 2.0.15 329.73 NOTE
r-devel-linux-x86_64-fedora-gcc 2.0.15 324.06 OK
r-devel-windows-x86_64 2.0.15 89.00 323.00 412.00 OK
r-patched-linux-x86_64 2.0.15 66.39 176.91 243.30 OK
r-release-linux-x86_64 2.0.15 71.60 173.34 244.94 OK
r-release-macos-arm64 2.0.15 114.00 NOTE
r-release-macos-x86_64 2.0.15 146.00 NOTE
r-release-windows-x86_64 2.0.15 101.00 319.00 420.00 OK
r-oldrel-macos-arm64 2.0.15 126.00 NOTE
r-oldrel-macos-x86_64 2.0.15 218.00 NOTE
r-oldrel-windows-ix86+x86_64 2.0.15 151.00 352.00 503.00 OK

Check Details

Version: 2.0.15
Check: installed package size
Result: NOTE
     installed size is 13.6Mb
     sub-directories of 1Mb or more:
     libs 12.2Mb
Flavors: r-devel-linux-x86_64-fedora-clang, r-release-macos-arm64, r-release-macos-x86_64, r-oldrel-macos-arm64, r-oldrel-macos-x86_64