CRAN Package Check Results for Package icd.data

Last updated on 2019-06-24 17:47:56 CEST.

Flavor Version Tinstall Tcheck Ttotal Status Flags
r-devel-linux-x86_64-debian-clang 1.0 57.21 31.22 88.43 OK
r-devel-linux-x86_64-debian-gcc 1.0 52.69 26.57 79.26 OK
r-devel-linux-x86_64-fedora-clang 1.0 120.67 NOTE
r-devel-linux-x86_64-fedora-gcc 1.0 121.13 NOTE
r-devel-windows-ix86+x86_64 1.0 102.00 45.00 147.00 OK
r-patched-linux-x86_64 1.0 57.80 31.18 88.98 OK
r-patched-solaris-x86 1.0 227.60 NOTE
r-release-linux-x86_64 1.0 56.22 31.62 87.84 OK
r-release-windows-ix86+x86_64 1.0 85.00 61.00 146.00 OK
r-release-osx-x86_64 1.0 NOTE
r-oldrel-windows-ix86+x86_64 1.0 69.00 42.00 111.00 OK
r-oldrel-osx-x86_64 1.0 NOTE

Check Details

Version: 1.0
Check: data for non-ASCII characters
Result: NOTE
     Note: found 55 marked UTF-8 strings
Flavors: r-devel-linux-x86_64-fedora-clang, r-devel-linux-x86_64-fedora-gcc, r-patched-solaris-x86, r-release-osx-x86_64, r-oldrel-osx-x86_64