CRAN Package Check Results for Package icd.data

Last updated on 2019-04-19 21:46:48 CEST.

Flavor Version Tinstall Tcheck Ttotal Status Flags
r-devel-linux-x86_64-debian-clang 1.0 56.04 31.45 87.49 OK
r-devel-linux-x86_64-debian-gcc 1.0 52.51 26.55 79.06 OK
r-devel-linux-x86_64-fedora-clang 1.0 120.53 NOTE
r-devel-linux-x86_64-fedora-gcc 1.0 120.22 NOTE
r-devel-windows-ix86+x86_64 1.0 98.00 60.00 158.00 OK
r-patched-linux-x86_64 1.0 58.07 31.48 89.55 OK
r-patched-solaris-x86 1.0 230.10 NOTE
r-release-linux-x86_64 1.0 54.69 30.24 84.93 OK
r-release-windows-ix86+x86_64 1.0 82.00 56.00 138.00 OK
r-release-osx-x86_64 1.0 NOTE
r-oldrel-windows-ix86+x86_64 1.0 77.00 59.00 136.00 OK
r-oldrel-osx-x86_64 1.0 NOTE

Check Details

Version: 1.0
Check: data for non-ASCII characters
Result: NOTE
     Note: found 55 marked UTF-8 strings
Flavors: r-devel-linux-x86_64-fedora-clang, r-devel-linux-x86_64-fedora-gcc, r-patched-solaris-x86, r-release-osx-x86_64, r-oldrel-osx-x86_64