CRAN Package Check Results for Package ibmsunburst

Last updated on 2019-04-22 18:47:09 CEST.

Flavor Version Tinstall Tcheck Ttotal Status Flags
r-devel-linux-x86_64-debian-clang 0.1.1 1.85 26.20 28.05 OK
r-devel-linux-x86_64-debian-gcc 0.1.1 1.83 21.18 23.01 OK
r-devel-linux-x86_64-fedora-clang 0.1.1 33.90 OK
r-devel-linux-x86_64-fedora-gcc 0.1.1 32.59 OK
r-devel-windows-ix86+x86_64 0.1.1 10.00 43.00 53.00 OK
r-patched-linux-x86_64 0.1.1 2.17 25.92 28.09 OK
r-patched-solaris-x86 0.1.1 54.10 WARN
r-release-linux-x86_64 0.1.1 1.08 25.07 26.15 OK
r-release-windows-ix86+x86_64 0.1.1 4.00 52.00 56.00 OK
r-release-osx-x86_64 0.1.1 WARN
r-oldrel-windows-ix86+x86_64 0.1.1 3.00 57.00 60.00 OK
r-oldrel-osx-x86_64 0.1.1 WARN

Check Details

Version: 0.1.1
Check: re-building of vignette outputs
Result: WARN
    Error(s) in re-building vignettes:
     ...
    --- re-building ‘ibmsunburst.Rmd’ using rmarkdown
    Warning in engine$weave(file, quiet = quiet, encoding = enc) :
     Pandoc (>= 1.12.3) and/or pandoc-citeproc not available. Falling back to R Markdown v1.
    Quitting from lines 25-37 (ibmsunburst.Rmd)
    Error: processing vignette 'ibmsunburst.Rmd' failed with diagnostics:
    there is no package called 'webshot'
    --- failed re-building ‘ibmsunburst.Rmd’
    
    SUMMARY: processing the following file failed:
     ‘ibmsunburst.Rmd’
    
    Error: Vignette re-building failed.
    Execution halted
Flavor: r-patched-solaris-x86

Version: 0.1.1
Check: re-building of vignette outputs
Result: WARN
    Error in re-building vignettes:
     ...
    Warning in engine$weave(file, quiet = quiet, encoding = enc) :
     Pandoc (>= 1.12.3) and/or pandoc-citeproc not available. Falling back to R Markdown v1.
    Quitting from lines 25-37 (ibmsunburst.Rmd)
    Error: processing vignette 'ibmsunburst.Rmd' failed with diagnostics:
    cannot open the connection
    Execution halted
Flavors: r-release-osx-x86_64, r-oldrel-osx-x86_64