CRAN Package Check Results for Package ibmAcousticR

Last updated on 2024-04-16 14:49:27 CEST.

Flavor Version Tinstall Tcheck Ttotal Status Flags
r-devel-linux-x86_64-debian-clang 0.2.1 2.92 31.04 33.96 NOTE
r-devel-linux-x86_64-debian-gcc 0.2.1 2.43 23.96 26.39 NOTE
r-devel-linux-x86_64-fedora-clang 0.2.1 42.12 NOTE
r-devel-linux-x86_64-fedora-gcc 0.2.1 41.13 NOTE
r-prerel-macos-arm64 0.2.1 18.00 NOTE
r-prerel-windows-x86_64 0.2.1 4.00 44.00 48.00 NOTE
r-patched-linux-x86_64 0.2.1 3.31 30.08 33.39 NOTE
r-release-linux-x86_64 0.2.1 3.39 30.18 33.57 NOTE
r-release-macos-arm64 0.2.1 18.00 NOTE
r-release-macos-x86_64 0.2.1 27.00 NOTE
r-release-windows-x86_64 0.2.1 5.00 47.00 52.00 NOTE
r-oldrel-macos-arm64 0.2.1 19.00 NOTE
r-oldrel-windows-x86_64 0.2.1 4.00 53.00 57.00 NOTE

Check Details

Version: 0.2.1
Check: LazyData
Result: NOTE 'LazyData' is specified without a 'data' directory Flavors: r-devel-linux-x86_64-debian-clang, r-devel-linux-x86_64-debian-gcc, r-devel-linux-x86_64-fedora-clang, r-devel-linux-x86_64-fedora-gcc, r-prerel-macos-arm64, r-prerel-windows-x86_64, r-patched-linux-x86_64, r-release-linux-x86_64, r-release-macos-arm64, r-release-macos-x86_64, r-release-windows-x86_64, r-oldrel-macos-arm64, r-oldrel-windows-x86_64