CRAN Package Check Results for Package ibdsim2

Last updated on 2020-10-21 14:47:00 CEST.

Flavor Version Tinstall Tcheck Ttotal Status Flags
r-devel-linux-x86_64-debian-clang 1.2 28.42 96.00 124.42 OK
r-devel-linux-x86_64-debian-gcc 1.2 20.46 70.78 91.24 OK
r-devel-linux-x86_64-fedora-clang 1.2 159.91 OK
r-devel-linux-x86_64-fedora-gcc 1.2 151.77 OK
r-devel-windows-ix86+x86_64 1.2 64.00 169.00 233.00 OK
r-patched-linux-x86_64 1.2 25.16 86.53 111.69 OK
r-patched-solaris-x86 1.2 185.00 OK
r-release-linux-x86_64 1.2 25.41 85.60 111.01 OK
r-release-macos-x86_64 1.2 OK
r-release-windows-ix86+x86_64 1.2 76.00 135.00 211.00 OK
r-oldrel-macos-x86_64 1.2 OK
r-oldrel-windows-ix86+x86_64 1.2 57.00 151.00 208.00 ERROR

Check Details

Version: 1.2
Check: running tests for arch ‘i386’
Result: ERROR
     Running 'testthat.R' [5s]
    Running the tests in 'tests/testthat.R' failed.
    Complete output:
     > library(testthat)
     > library(ibdsim2)
     Loading required package: pedtools
     >
     > test_check("ibdsim2")
     -- 1. Error: recombinations of pure strands (@test-recombine.R#9) -------------
     Row index is out of bounds: [index=-1; row extent=1].
     Backtrace:
     1. testthat::expect_equal(...)
     4. ibdsim2:::recombine(s1, s2, 0:1)
    
     == testthat results ===========================================================
     [ OK: 67 | SKIPPED: 0 | WARNINGS: 0 | FAILED: 1 ]
     1. Error: recombinations of pure strands (@test-recombine.R#9)
    
     Error: testthat unit tests failed
     Execution halted
Flavor: r-oldrel-windows-ix86+x86_64