CRAN Package Check Results for Package iSTATS

Last updated on 2025-01-23 17:49:11 CET.

Flavor Version Tinstall Tcheck Ttotal Status Flags
r-devel-linux-x86_64-debian-clang 1.7 6.39 51.68 58.07 OK
r-devel-linux-x86_64-debian-gcc 1.7 4.56 36.90 41.46 OK
r-devel-linux-x86_64-fedora-clang 1.7 93.73 NOTE
r-devel-linux-x86_64-fedora-gcc 1.7 86.42 NOTE
r-devel-windows-x86_64 1.7 8.00 67.00 75.00 OK
r-patched-linux-x86_64 1.7 5.41 47.24 52.65 OK
r-release-linux-x86_64 1.7 6.93 46.92 53.85 OK
r-release-macos-arm64 1.7 31.00 OK
r-release-macos-x86_64 1.7 44.00 OK
r-release-windows-x86_64 1.7 8.00 66.00 74.00 OK
r-oldrel-macos-arm64 1.7 37.00 OK
r-oldrel-macos-x86_64 1.7 72.00 OK
r-oldrel-windows-x86_64 1.7 10.00 76.00 86.00 OK

Check Details

Version: 1.7
Check: dependencies in R code
Result: NOTE Namespace in Imports field not imported from: ‘readr’ All declared Imports should be used. Flavors: r-devel-linux-x86_64-fedora-clang, r-devel-linux-x86_64-fedora-gcc