CRAN Package Check Results for Package iSDM

Last updated on 2019-12-14 03:48:59 CET.

Flavor Version Tinstall Tcheck Ttotal Status Flags
r-devel-linux-x86_64-debian-clang 1.0 2.91 23.37 26.28 OK
r-devel-linux-x86_64-debian-gcc 1.0 2.08 19.33 21.41 OK
r-devel-linux-x86_64-fedora-clang 1.0 34.18 NOTE
r-devel-linux-x86_64-fedora-gcc 1.0 32.02 NOTE
r-devel-windows-ix86+x86_64 1.0 8.00 50.00 58.00 OK
r-devel-windows-ix86+x86_64-gcc8 1.0 8.00 52.00 60.00 OK
r-patched-linux-x86_64 1.0 2.39 21.53 23.92 OK
r-patched-solaris-x86 1.0 45.40 NOTE
r-release-linux-x86_64 1.0 2.27 21.36 23.63 OK
r-release-windows-ix86+x86_64 1.0 5.00 35.00 40.00 OK
r-release-osx-x86_64 1.0 NOTE
r-oldrel-windows-ix86+x86_64 1.0 4.00 35.00 39.00 OK
r-oldrel-osx-x86_64 1.0 NOTE

Check Details

Version: 1.0
Check: dependencies in R code
Result: NOTE
    Namespaces in Imports field not imported from:
     ‘colorRamps’ ‘virtualspecies’
     All declared Imports should be used.
Flavors: r-devel-linux-x86_64-fedora-clang, r-devel-linux-x86_64-fedora-gcc, r-patched-solaris-x86, r-release-osx-x86_64, r-oldrel-osx-x86_64