CRAN Package Check Results for Package iSDM

Last updated on 2022-06-28 15:53:19 CEST.

Flavor Version Tinstall Tcheck Ttotal Status Flags
r-devel-linux-x86_64-debian-clang 1.0 2.53 34.57 37.10 OK
r-devel-linux-x86_64-debian-gcc 1.0 2.13 26.61 28.74 OK
r-devel-linux-x86_64-fedora-clang 1.0 55.49 NOTE
r-devel-linux-x86_64-fedora-gcc 1.0 54.57 NOTE
r-devel-windows-x86_64 1.0 7.00 66.00 73.00 OK
r-patched-linux-x86_64 1.0 2.25 34.17 36.42 OK
r-release-linux-x86_64 1.0 1.89 34.36 36.25 OK
r-release-macos-arm64 1.0 20.00 NOTE
r-release-macos-x86_64 1.0 32.00 NOTE
r-release-windows-x86_64 1.0 8.00 58.00 66.00 OK
r-oldrel-macos-arm64 1.0 21.00 NOTE
r-oldrel-macos-x86_64 1.0 30.00 NOTE
r-oldrel-windows-ix86+x86_64 1.0 7.00 57.00 64.00 OK

Check Details

Version: 1.0
Check: dependencies in R code
Result: NOTE
    Namespaces in Imports field not imported from:
     ‘colorRamps’ ‘virtualspecies’
     All declared Imports should be used.
Flavors: r-devel-linux-x86_64-fedora-clang, r-devel-linux-x86_64-fedora-gcc, r-release-macos-arm64, r-release-macos-x86_64, r-oldrel-macos-arm64, r-oldrel-macos-x86_64