CRAN Package Check Results for Package iSDM

Last updated on 2020-07-09 22:48:48 CEST.

Flavor Version Tinstall Tcheck Ttotal Status Flags
r-devel-linux-x86_64-debian-clang 1.0 2.40 24.23 26.63 OK
r-devel-linux-x86_64-debian-gcc 1.0 2.14 19.20 21.34 OK
r-devel-linux-x86_64-fedora-clang 1.0 40.68 NOTE
r-devel-linux-x86_64-fedora-gcc 1.0 31.49 NOTE
r-devel-windows-ix86+x86_64 1.0 7.00 40.00 47.00 OK
r-patched-linux-x86_64 1.0 2.68 24.16 26.84 OK
r-patched-solaris-x86 1.0 50.00 NOTE
r-release-linux-x86_64 1.0 2.71 24.33 27.04 OK
r-release-osx-x86_64 1.0 NOTE
r-release-windows-ix86+x86_64 1.0 7.00 52.00 59.00 OK
r-oldrel-osx-x86_64 1.0 NOTE
r-oldrel-windows-ix86+x86_64 1.0 6.00 41.00 47.00 OK

Check Details

Version: 1.0
Check: dependencies in R code
Result: NOTE
    Namespaces in Imports field not imported from:
     ‘colorRamps’ ‘virtualspecies’
     All declared Imports should be used.
Flavors: r-devel-linux-x86_64-fedora-clang, r-devel-linux-x86_64-fedora-gcc, r-patched-solaris-x86, r-release-osx-x86_64, r-oldrel-osx-x86_64