CRAN Package Check Results for Package iRafNet

Last updated on 2020-07-04 20:47:22 CEST.

Flavor Version Tinstall Tcheck Ttotal Status Flags
r-devel-linux-x86_64-debian-clang 1.1-1 4.64 25.16 29.80 OK
r-devel-linux-x86_64-debian-gcc 1.1-1 3.23 20.21 23.44 OK
r-devel-linux-x86_64-fedora-clang 1.1-1 44.88 NOTE
r-devel-linux-x86_64-fedora-gcc 1.1-1 34.96 NOTE
r-devel-windows-ix86+x86_64 1.1-1 13.00 66.00 79.00 OK
r-patched-linux-x86_64 1.1-1 3.97 25.10 29.07 OK
r-patched-solaris-x86 1.1-1 55.40 OK
r-release-linux-x86_64 1.1-1 4.02 24.97 28.99 OK
r-release-osx-x86_64 1.1-1 OK
r-release-windows-ix86+x86_64 1.1-1 9.00 47.00 56.00 OK
r-oldrel-osx-x86_64 1.1-1 OK
r-oldrel-windows-ix86+x86_64 1.1-1 17.00 67.00 84.00 OK

Check Details

Version: 1.1-1
Check: compiled code
Result: NOTE
    File ‘iRafNet/libs/iRafNet.so’:
     Found no calls to: ‘R_registerRoutines’, ‘R_useDynamicSymbols’
    
    It is good practice to register native routines and to disable symbol
    search.
    
    See ‘Writing portable packages’ in the ‘Writing R Extensions’ manual.
Flavors: r-devel-linux-x86_64-fedora-clang, r-devel-linux-x86_64-fedora-gcc