CRAN Package Check Results for Package iRafNet

Last updated on 2019-12-14 03:48:59 CET.

Flavor Version Tinstall Tcheck Ttotal Status Flags
r-devel-linux-x86_64-debian-clang 1.1-1 3.95 24.18 28.13 OK
r-devel-linux-x86_64-debian-gcc 1.1-1 3.01 20.07 23.08 OK
r-devel-linux-x86_64-fedora-clang 1.1-1 36.20 NOTE
r-devel-linux-x86_64-fedora-gcc 1.1-1 35.67 NOTE
r-devel-windows-ix86+x86_64 1.1-1 12.00 63.00 75.00 OK
r-devel-windows-ix86+x86_64-gcc8 1.1-1 10.00 62.00 72.00 OK
r-patched-linux-x86_64 1.1-1 3.13 22.79 25.92 OK
r-patched-solaris-x86 1.1-1 51.00 OK
r-release-linux-x86_64 1.1-1 3.32 22.64 25.96 OK
r-release-windows-ix86+x86_64 1.1-1 11.00 46.00 57.00 OK
r-release-osx-x86_64 1.1-1 OK
r-oldrel-windows-ix86+x86_64 1.1-1 9.00 71.00 80.00 OK
r-oldrel-osx-x86_64 1.1-1 OK

Check Details

Version: 1.1-1
Check: compiled code
Result: NOTE
    File ‘iRafNet/libs/iRafNet.so’:
     Found no calls to: ‘R_registerRoutines’, ‘R_useDynamicSymbols’
    
    It is good practice to register native routines and to disable symbol
    search.
    
    See ‘Writing portable packages’ in the ‘Writing R Extensions’ manual.
Flavors: r-devel-linux-x86_64-fedora-clang, r-devel-linux-x86_64-fedora-gcc