CRAN Package Check Results for Package iFad

Last updated on 2019-12-14 03:48:59 CET.

Flavor Version Tinstall Tcheck Ttotal Status Flags
r-devel-linux-x86_64-debian-clang 3.0 3.21 40.24 43.45 NOTE
r-devel-linux-x86_64-debian-gcc 3.0 3.04 32.55 35.59 NOTE
r-devel-linux-x86_64-fedora-clang 3.0 53.67 NOTE
r-devel-linux-x86_64-fedora-gcc 3.0 54.45 NOTE
r-devel-windows-ix86+x86_64 3.0 9.00 87.00 96.00 NOTE
r-devel-windows-ix86+x86_64-gcc8 3.0 10.00 93.00 103.00 NOTE
r-patched-linux-x86_64 3.0 3.62 36.83 40.45 NOTE
r-patched-solaris-x86 3.0 76.30 NOTE
r-release-linux-x86_64 3.0 2.95 37.17 40.12 NOTE
r-release-windows-ix86+x86_64 3.0 9.00 64.00 73.00 NOTE
r-release-osx-x86_64 3.0 NOTE
r-oldrel-windows-ix86+x86_64 3.0 5.00 72.00 77.00 NOTE
r-oldrel-osx-x86_64 3.0 NOTE

Check Details

Version: 3.0
Check: R code for possible problems
Result: NOTE
    ROC_plot: no visible global function definition for 'pdf'
    ROC_plot: no visible global function definition for 'par'
    ROC_plot: no visible global function definition for 'dev.off'
    Ymean_compare: no visible binding for global variable 'sd'
    Ymean_compare: no visible global function definition for 'pdf'
    Ymean_compare: no visible global function definition for 'par'
    Ymean_compare: no visible global function definition for 'dev.off'
    data_simulation: no visible global function definition for 'rnorm'
    gibbs_sampling: no visible global function definition for 'rnorm'
    mcmc_trace_plot: no visible global function definition for 'pdf'
    mcmc_trace_plot: no visible global function definition for 'dev.off'
    Undefined global functions or variables:
     dev.off par pdf rnorm sd
    Consider adding
     importFrom("grDevices", "dev.off", "pdf")
     importFrom("graphics", "par")
     importFrom("stats", "rnorm", "sd")
    to your NAMESPACE file.
Flavors: r-devel-linux-x86_64-debian-clang, r-devel-linux-x86_64-debian-gcc, r-devel-linux-x86_64-fedora-clang, r-devel-linux-x86_64-fedora-gcc, r-devel-windows-ix86+x86_64, r-devel-windows-ix86+x86_64-gcc8, r-patched-linux-x86_64, r-patched-solaris-x86, r-release-linux-x86_64, r-release-windows-ix86+x86_64, r-release-osx-x86_64, r-oldrel-windows-ix86+x86_64, r-oldrel-osx-x86_64

Version: 3.0
Check: for non-standard things in the check directory
Result: NOTE
    Found the following files/directories:
     'Demo_Gibbs_result.RData' 'Demo_traceplot.pdf' 'RMSE_demo.RData'
     'RMSE_plot.pdf' 'ROC_plot.pdf' 'ROC_result.RData' 'demo_data.RData'
Flavors: r-devel-linux-x86_64-debian-clang, r-devel-linux-x86_64-debian-gcc, r-devel-linux-x86_64-fedora-clang, r-devel-linux-x86_64-fedora-gcc