CRAN Package Check Results for Package iFad

Last updated on 2020-07-10 00:48:01 CEST.

Flavor Version Tinstall Tcheck Ttotal Status Flags
r-devel-linux-x86_64-debian-clang 3.0 3.82 40.53 44.35 NOTE
r-devel-linux-x86_64-debian-gcc 3.0 2.88 32.27 35.15 NOTE
r-devel-linux-x86_64-fedora-clang 3.0 62.18 NOTE
r-devel-linux-x86_64-fedora-gcc 3.0 51.53 NOTE
r-devel-windows-ix86+x86_64 3.0 8.00 63.00 71.00 NOTE
r-patched-linux-x86_64 3.0 3.76 40.18 43.94 NOTE
r-patched-solaris-x86 3.0 83.10 NOTE
r-release-linux-x86_64 3.0 3.80 40.05 43.85 NOTE
r-release-osx-x86_64 3.0 NOTE
r-release-windows-ix86+x86_64 3.0 13.00 58.00 71.00 NOTE
r-oldrel-osx-x86_64 3.0 NOTE
r-oldrel-windows-ix86+x86_64 3.0 12.00 58.00 70.00 NOTE

Check Details

Version: 3.0
Check: R code for possible problems
Result: NOTE
    ROC_plot: no visible global function definition for 'pdf'
    ROC_plot: no visible global function definition for 'par'
    ROC_plot: no visible global function definition for 'dev.off'
    Ymean_compare: no visible binding for global variable 'sd'
    Ymean_compare: no visible global function definition for 'pdf'
    Ymean_compare: no visible global function definition for 'par'
    Ymean_compare: no visible global function definition for 'dev.off'
    data_simulation: no visible global function definition for 'rnorm'
    gibbs_sampling: no visible global function definition for 'rnorm'
    mcmc_trace_plot: no visible global function definition for 'pdf'
    mcmc_trace_plot: no visible global function definition for 'dev.off'
    Undefined global functions or variables:
     dev.off par pdf rnorm sd
    Consider adding
     importFrom("grDevices", "dev.off", "pdf")
     importFrom("graphics", "par")
     importFrom("stats", "rnorm", "sd")
    to your NAMESPACE file.
Flavors: r-devel-linux-x86_64-debian-clang, r-devel-linux-x86_64-debian-gcc, r-devel-linux-x86_64-fedora-clang, r-devel-linux-x86_64-fedora-gcc, r-devel-windows-ix86+x86_64, r-patched-linux-x86_64, r-patched-solaris-x86, r-release-linux-x86_64, r-release-osx-x86_64, r-release-windows-ix86+x86_64, r-oldrel-osx-x86_64, r-oldrel-windows-ix86+x86_64

Version: 3.0
Check: for non-standard things in the check directory
Result: NOTE
    Found the following files/directories:
     'Demo_Gibbs_result.RData' 'Demo_traceplot.pdf' 'RMSE_demo.RData'
     'RMSE_plot.pdf' 'ROC_plot.pdf' 'ROC_result.RData' 'demo_data.RData'
Flavors: r-devel-linux-x86_64-debian-clang, r-devel-linux-x86_64-debian-gcc, r-devel-linux-x86_64-fedora-clang, r-devel-linux-x86_64-fedora-gcc, r-patched-linux-x86_64, r-patched-solaris-x86, r-release-linux-x86_64