CRAN Package Check Results for Package iDOVE

Last updated on 2021-12-03 03:55:33 CET.

Flavor Version Tinstall Tcheck Ttotal Status Flags
r-devel-linux-x86_64-debian-clang 1.3 75.35 53.24 128.59 OK
r-devel-linux-x86_64-debian-gcc 1.3 55.08 41.94 97.02 OK
r-devel-linux-x86_64-fedora-clang 1.3 198.97 NOTE
r-devel-linux-x86_64-fedora-gcc 1.3 172.75 NOTE
r-devel-windows-x86_64-new-UL 1.3 98.00 135.00 233.00 OK
r-devel-windows-x86_64-new-TK 1.3 NOTE
r-devel-windows-x86_64-old 1.3 93.00 71.00 164.00 OK
r-patched-linux-x86_64 1.3 65.50 50.45 115.95 OK
r-patched-solaris-x86 1.3 157.80 NOTE
r-release-linux-x86_64 1.3 62.26 50.24 112.50 OK
r-release-macos-arm64 1.3 NOTE
r-release-macos-x86_64 1.3 NOTE
r-release-windows-ix86+x86_64 1.3 189.00 136.00 325.00 OK
r-oldrel-macos-x86_64 1.3 NOTE
r-oldrel-windows-ix86+x86_64 1.3 186.00 146.00 332.00 OK

Check Details

Version: 1.3
Check: dependencies in R code
Result: NOTE
    Namespace in Imports field not imported from: ‘knitr’
     All declared Imports should be used.
Flavors: r-devel-linux-x86_64-fedora-clang, r-devel-linux-x86_64-fedora-gcc, r-devel-windows-x86_64-new-TK, r-patched-solaris-x86, r-release-macos-arm64, r-release-macos-x86_64, r-oldrel-macos-x86_64