CRAN Package Check Results for Package iClusterVB

Last updated on 2025-01-18 07:50:34 CET.

Flavor Version Tinstall Tcheck Ttotal Status Flags
r-devel-linux-x86_64-debian-clang 0.1.4 70.38 144.48 214.86 OK
r-devel-linux-x86_64-debian-gcc 0.1.4 42.55 98.21 140.76 OK
r-devel-linux-x86_64-fedora-clang 0.1.4 331.94 OK
r-devel-linux-x86_64-fedora-gcc 0.1.4 323.93 OK
r-devel-windows-x86_64 0.1.4 57.00 140.00 197.00 OK
r-patched-linux-x86_64 0.1.4 60.11 135.76 195.87 OK
r-release-linux-x86_64 0.1.4 58.04 142.46 200.50 OK
r-release-macos-arm64 0.1.4 99.00 NOTE
r-release-macos-x86_64 0.1.4 195.00 NOTE
r-release-windows-x86_64 0.1.4 55.00 144.00 199.00 OK
r-oldrel-macos-arm64 0.1.4 97.00 NOTE
r-oldrel-macos-x86_64 0.1.4 197.00 NOTE
r-oldrel-windows-x86_64 0.1.4 69.00 178.00 247.00 OK

Check Details

Version: 0.1.4
Check: installed package size
Result: NOTE installed size is 9.1Mb sub-directories of 1Mb or more: data 3.0Mb libs 5.5Mb Flavors: r-release-macos-arm64, r-release-macos-x86_64, r-oldrel-macos-arm64, r-oldrel-macos-x86_64