CRAN Package Check Results for Package iCellR

Last updated on 2020-06-01 06:48:27 CEST.

Flavor Version Tinstall Tcheck Ttotal Status Flags
r-devel-linux-x86_64-debian-clang 1.5.0 23.90 177.08 200.98 OK
r-devel-linux-x86_64-debian-gcc 1.5.0 21.40 133.82 155.22 OK
r-devel-linux-x86_64-fedora-clang 1.5.0 243.30 NOTE
r-devel-linux-x86_64-fedora-gcc 1.5.0 235.93 OK
r-devel-windows-ix86+x86_64 1.5.0 63.00 270.00 333.00 OK
r-patched-linux-x86_64 1.5.0 20.00 172.55 192.55 OK
r-patched-solaris-x86 1.5.0 351.00 OK
r-release-linux-x86_64 1.5.0 15.67 174.60 190.27 OK
r-release-osx-x86_64 1.5.0 OK
r-release-windows-ix86+x86_64 1.5.0 41.00 264.00 305.00 OK
r-oldrel-osx-x86_64 1.5.0 OK
r-oldrel-windows-ix86+x86_64 1.5.0 42.00 201.00 243.00 OK

Check Details

Version: 1.5.0
Check: package dependencies
Result: NOTE
    Imports includes 22 non-default packages.
    Importing from so many packages makes the package vulnerable to any of
    them becoming unavailable. Move as many as possible to Suggests and
    use conditionally.
Flavor: r-devel-linux-x86_64-fedora-clang