CRAN Package Check Results for Package iC10TrainingData

Last updated on 2023-12-10 22:56:00 CET.

Flavor Version Tinstall Tcheck Ttotal Status Flags
r-devel-linux-x86_64-debian-clang 1.3.1 2.39 18.43 20.82 OK
r-devel-linux-x86_64-debian-gcc 1.3.1 1.59 25.41 27.00 OK
r-devel-linux-x86_64-fedora-clang 1.3.1 42.53 NOTE
r-devel-linux-x86_64-fedora-gcc 1.3.1 40.80 OK
r-devel-windows-x86_64 1.3.1 2.00 50.00 52.00 NOTE
r-patched-linux-x86_64 1.3.1 2.06 18.07 20.13 OK
r-release-linux-x86_64 1.3.1 1.77 18.47 20.24 OK
r-release-macos-arm64 1.3.1 23.00 NOTE
r-release-macos-x86_64 1.3.1 30.00 NOTE
r-release-windows-x86_64 1.3.1 3.00 52.00 55.00 NOTE
r-oldrel-macos-arm64 1.3.1 22.00 NOTE
r-oldrel-macos-x86_64 1.3.1 27.00 NOTE
r-oldrel-windows-x86_64 1.3.1 5.00 59.00 64.00 NOTE

Check Details

Version: 1.3.1
Check: installed package size
Result: NOTE installed size is 6.2Mb sub-directories of 1Mb or more: data 6.1Mb Flavors: r-devel-linux-x86_64-fedora-clang, r-devel-windows-x86_64, r-release-macos-arm64, r-release-macos-x86_64, r-release-windows-x86_64, r-oldrel-macos-arm64, r-oldrel-macos-x86_64, r-oldrel-windows-x86_64