CRAN Package Check Results for Package iC10TrainingData

Last updated on 2022-12-09 01:50:31 CET.

Flavor Version Tinstall Tcheck Ttotal Status Flags
r-devel-linux-x86_64-debian-clang 1.3.1 1.85 31.08 32.93 OK
r-devel-linux-x86_64-debian-gcc 1.3.1 1.75 25.36 27.11 OK
r-devel-linux-x86_64-fedora-clang 1.3.1 52.06 NOTE
r-devel-linux-x86_64-fedora-gcc 1.3.1 51.09 OK
r-devel-windows-x86_64 1.3.1 4.00 63.00 67.00 NOTE
r-patched-linux-x86_64 1.3.1 2.45 30.97 33.42 OK
r-release-linux-x86_64 1.3.1 2.26 30.29 32.55 OK
r-release-macos-arm64 1.3.1 19.00 NOTE
r-release-macos-x86_64 1.3.1 27.00 NOTE
r-release-windows-x86_64 1.3.1 5.00 59.00 64.00 NOTE
r-oldrel-macos-arm64 1.3.1 23.00 NOTE
r-oldrel-macos-x86_64 1.3.1 48.00 NOTE
r-oldrel-windows-ix86+x86_64 1.3.1 4.00 34.00 38.00 NOTE

Check Details

Version: 1.3.1
Check: installed package size
Result: NOTE
     installed size is 6.1Mb
     sub-directories of 1Mb or more:
     data 6.1Mb
Flavors: r-devel-linux-x86_64-fedora-clang, r-devel-windows-x86_64, r-release-macos-arm64, r-release-macos-x86_64, r-release-windows-x86_64, r-oldrel-macos-arm64, r-oldrel-macos-x86_64, r-oldrel-windows-ix86+x86_64