CRAN Package Check Results for Package iC10TrainingData

Last updated on 2024-04-18 17:51:26 CEST.

Flavor Version Tinstall Tcheck Ttotal Status Flags
r-devel-linux-x86_64-debian-clang 1.3.1 2.33 18.99 21.32 OK
r-devel-linux-x86_64-debian-gcc 1.3.1 1.30 25.59 26.89 OK
r-devel-linux-x86_64-fedora-clang 1.3.1 41.99 NOTE
r-devel-linux-x86_64-fedora-gcc 1.3.1 41.24 OK
r-prerel-macos-arm64 1.3.1 20.00 NOTE
r-prerel-windows-x86_64 1.3.1 3.00 50.00 53.00 NOTE
r-patched-linux-x86_64 1.3.1 2.20 18.85 21.05 OK
r-release-linux-x86_64 1.3.1 2.17 18.54 20.71 OK
r-release-macos-arm64 1.3.1 23.00 NOTE
r-release-macos-x86_64 1.3.1 30.00 NOTE
r-release-windows-x86_64 1.3.1 3.00 52.00 55.00 NOTE
r-oldrel-macos-arm64 1.3.1 22.00 NOTE
r-oldrel-windows-x86_64 1.3.1 5.00 59.00 64.00 NOTE

Check Details

Version: 1.3.1
Check: installed package size
Result: NOTE installed size is 6.1Mb sub-directories of 1Mb or more: data 6.1Mb Flavors: r-devel-linux-x86_64-fedora-clang, r-prerel-macos-arm64, r-prerel-windows-x86_64, r-release-macos-arm64, r-release-macos-x86_64, r-release-windows-x86_64, r-oldrel-macos-arm64, r-oldrel-windows-x86_64