CRAN Package Check Results for Package iBATCGH

Last updated on 2021-12-04 22:59:36 CET.

Flavor Version Tinstall Tcheck Ttotal Status Flags
r-devel-linux-x86_64-debian-clang 1.3.1 302.38 75.22 377.60 OK
r-devel-linux-x86_64-debian-gcc 1.3.1 222.70 59.69 282.39 OK
r-devel-linux-x86_64-fedora-clang 1.3.1 619.29 NOTE
r-devel-linux-x86_64-fedora-gcc 1.3.1 530.56 NOTE
r-devel-windows-x86_64-new-UL 1.3.1 398.00 130.00 528.00 OK
r-devel-windows-x86_64-new-TK 1.3.1 OK
r-devel-windows-x86_64-old 1.3.1 424.00 73.00 497.00 OK
r-patched-linux-x86_64 1.3.1 255.08 65.47 320.55 OK
r-release-linux-x86_64 1.3.1 270.06 65.79 335.85 OK
r-release-macos-arm64 1.3.1 NOTE
r-release-macos-x86_64 1.3.1 NOTE
r-release-windows-ix86+x86_64 1.3.1 813.00 139.00 952.00 NOTE
r-oldrel-macos-x86_64 1.3.1 NOTE
r-oldrel-windows-ix86+x86_64 1.3.1 807.00 141.00 948.00 NOTE

Check Details

Version: 1.3.1
Check: installed package size
Result: NOTE
     installed size is 8.1Mb
     sub-directories of 1Mb or more:
     data 3.0Mb
     libs 5.0Mb
Flavors: r-devel-linux-x86_64-fedora-clang, r-release-macos-arm64, r-release-macos-x86_64, r-release-windows-ix86+x86_64, r-oldrel-macos-x86_64, r-oldrel-windows-ix86+x86_64

Version: 1.3.1
Check: compiled code
Result: NOTE
    File ‘iBATCGH/libs/iBATCGH.so’:
     Found no calls to: ‘R_registerRoutines’, ‘R_useDynamicSymbols’
    
    It is good practice to register native routines and to disable symbol
    search.
    
    See ‘Writing portable packages’ in the ‘Writing R Extensions’ manual.
Flavors: r-devel-linux-x86_64-fedora-clang, r-devel-linux-x86_64-fedora-gcc