CRAN Package Check Results for Package hystar

Last updated on 2024-06-13 08:53:37 CEST.

Flavor Version Tinstall Tcheck Ttotal Status Flags
r-devel-linux-x86_64-debian-clang 1.0.0 21.30 41.29 62.59 OK
r-devel-linux-x86_64-debian-gcc 1.0.0 13.54 27.45 40.99 ERROR
r-devel-linux-x86_64-fedora-clang 1.0.0 84.20 OK
r-devel-linux-x86_64-fedora-gcc 1.0.0 79.56 OK
r-devel-windows-x86_64 1.0.0 18.00 65.00 83.00 OK
r-patched-linux-x86_64 1.0.0 16.68 38.77 55.45 OK
r-release-linux-x86_64 1.0.0 17.36 39.80 57.16 OK
r-release-macos-arm64 1.0.0 23.00 OK
r-release-macos-x86_64 1.0.0 34.00 OK
r-release-windows-x86_64 1.0.0 17.00 79.00 96.00 OK
r-oldrel-macos-arm64 1.0.0 28.00 OK
r-oldrel-macos-x86_64 1.0.0 60.00 OK
r-oldrel-windows-x86_64 1.0.0 18.00 81.00 99.00 OK

Check Details

Version: 1.0.0
Check: package dependencies
Result: NOTE Package suggested but not available for checking: ‘testthat’ Flavor: r-devel-linux-x86_64-debian-gcc

Version: 1.0.0
Check: tests
Result: ERROR Running ‘testthat.R’ [0s/0s] Running the tests in ‘tests/testthat.R’ failed. Complete output: > # This file is part of the standard setup for testthat. > # It is recommended that you do not modify it. > # > # Where should you do additional test configuration? > # Learn more about the roles of various files in: > # * https://r-pkgs.org/tests.html > # * https://testthat.r-lib.org/reference/test_package.html#special-files > > library(testthat) Error in library(testthat) : there is no package called 'testthat' Execution halted Flavor: r-devel-linux-x86_64-debian-gcc