CRAN Package Check Results for Package hypothesisr

Last updated on 2022-10-02 11:11:23 CEST.

Flavor Version Tinstall Tcheck Ttotal Status Flags
r-devel-linux-x86_64-debian-clang 0.1.1 2.01 29.12 31.13 NOTE
r-devel-linux-x86_64-debian-gcc 0.1.1 1.64 22.47 24.11 NOTE
r-devel-linux-x86_64-fedora-clang 0.1.1 51.08 NOTE
r-devel-linux-x86_64-fedora-gcc 0.1.1 49.48 NOTE
r-devel-windows-x86_64 0.1.1 14.00 61.00 75.00 NOTE
r-patched-linux-x86_64 0.1.1 2.35 28.18 30.53 NOTE
r-release-linux-x86_64 0.1.1 2.09 27.61 29.70 NOTE
r-release-macos-arm64 0.1.1 19.00 NOTE
r-release-macos-x86_64 0.1.1 30.00 NOTE
r-release-windows-x86_64 0.1.1 17.00 56.00 73.00 NOTE
r-oldrel-macos-arm64 0.1.1 28.00 NOTE
r-oldrel-macos-x86_64 0.1.1 29.00 NOTE
r-oldrel-windows-ix86+x86_64 0.1.1 6.00 52.00 58.00 NOTE

Check Details

Version: 0.1.1
Check: LazyData
Result: NOTE
     'LazyData' is specified without a 'data' directory
Flavors: r-devel-linux-x86_64-debian-clang, r-devel-linux-x86_64-debian-gcc, r-devel-linux-x86_64-fedora-clang, r-devel-linux-x86_64-fedora-gcc, r-devel-windows-x86_64, r-patched-linux-x86_64, r-release-linux-x86_64, r-release-macos-arm64, r-release-macos-x86_64, r-release-windows-x86_64, r-oldrel-macos-arm64, r-oldrel-macos-x86_64, r-oldrel-windows-ix86+x86_64