CRAN Package Check Results for Package hypervolume

Last updated on 2021-11-29 19:51:31 CET.

Flavor Version Tinstall Tcheck Ttotal Status Flags
r-devel-linux-x86_64-debian-clang 3.0.0 75.67 430.58 506.25 OK
r-devel-linux-x86_64-debian-gcc 3.0.0 53.61 319.24 372.85 OK
r-devel-linux-x86_64-fedora-clang 3.0.0 626.76 NOTE
r-devel-linux-x86_64-fedora-gcc 3.0.0 605.12 OK
r-devel-windows-x86_64-new-UL 3.0.0 113.00 528.00 641.00 OK
r-devel-windows-x86_64-new-TK 3.0.0 OK
r-devel-windows-x86_64-old 3.0.0 105.00 371.00 476.00 OK
r-patched-linux-x86_64 3.0.0 67.27 409.55 476.82 OK
r-patched-solaris-x86 3.0.0 656.70 OK
r-release-linux-x86_64 3.0.0 72.03 410.83 482.86 OK
r-release-macos-arm64 3.0.0 OK
r-release-macos-x86_64 3.0.0 OK
r-release-windows-ix86+x86_64 3.0.0 178.00 672.00 850.00 OK
r-oldrel-macos-x86_64 3.0.0 OK
r-oldrel-windows-ix86+x86_64 3.0.0 128.00 508.00 636.00 OK

Check Details

Version: 3.0.0
Check: package dependencies
Result: NOTE
    Imports includes 22 non-default packages.
    Importing from so many packages makes the package vulnerable to any of
    them becoming unavailable. Move as many as possible to Suggests and
    use conditionally.
Flavor: r-devel-linux-x86_64-fedora-clang