CRAN Package Check Results for Package hyperoverlap

Last updated on 2022-08-12 08:52:07 CEST.

Flavor Version Tinstall Tcheck Ttotal Status Flags
r-devel-linux-x86_64-debian-clang 1.1.1 7.10 73.33 80.43 OK
r-devel-linux-x86_64-debian-gcc 1.1.1 3.84 55.77 59.61 OK
r-devel-linux-x86_64-fedora-clang 1.1.1 107.49 NOTE
r-devel-linux-x86_64-fedora-gcc 1.1.1 103.04 OK
r-devel-windows-x86_64 1.1.1 27.00 104.00 131.00 NOTE
r-patched-linux-x86_64 1.1.1 6.98 71.18 78.16 OK
r-release-linux-x86_64 1.1.1 8.12 73.68 81.80 OK
r-release-macos-arm64 1.1.1 32.00 NOTE
r-release-macos-x86_64 1.1.1 59.00 NOTE
r-release-windows-x86_64 1.1.1 22.00 110.00 132.00 NOTE
r-oldrel-macos-arm64 1.1.1 33.00 NOTE
r-oldrel-macos-x86_64 1.1.1 40.00 NOTE
r-oldrel-windows-ix86+x86_64 1.1.1 18.00 88.00 106.00 NOTE

Check Details

Version: 1.1.1
Check: installed package size
Result: NOTE
     installed size is 6.5Mb
     sub-directories of 1Mb or more:
     doc 6.3Mb
Flavors: r-devel-linux-x86_64-fedora-clang, r-devel-windows-x86_64, r-release-macos-arm64, r-release-macos-x86_64, r-release-windows-x86_64, r-oldrel-macos-arm64, r-oldrel-macos-x86_64, r-oldrel-windows-ix86+x86_64

Version: 1.1.1
Check: package dependencies
Result: NOTE
    Package suggested but not available for checking: ‘webshot2’
Flavors: r-release-macos-arm64, r-release-macos-x86_64, r-oldrel-macos-arm64, r-oldrel-macos-x86_64