CRAN Package Check Results for Package hypergate

Last updated on 2023-12-11 18:53:30 CET.

Flavor Version Tinstall Tcheck Ttotal Status Flags
r-devel-linux-x86_64-debian-clang 0.8.4 4.15 41.91 46.06 NOTE
r-devel-linux-x86_64-debian-gcc 0.8.4 2.79 39.43 42.22 NOTE
r-devel-linux-x86_64-fedora-clang 0.8.4 72.42 NOTE
r-devel-linux-x86_64-fedora-gcc 0.8.4 82.10 NOTE
r-devel-windows-x86_64 0.8.4 5.00 62.00 67.00 OK
r-patched-linux-x86_64 0.8.4 3.83 38.84 42.67 NOTE
r-release-linux-x86_64 0.8.4 2.87 42.41 45.28 NOTE
r-release-macos-arm64 0.8.4 45.00 NOTE
r-release-macos-x86_64 0.8.4 81.00 NOTE
r-release-windows-x86_64 0.8.4 4.00 70.00 74.00 OK
r-oldrel-macos-arm64 0.8.4 33.00 OK
r-oldrel-macos-x86_64 0.8.4 39.00 OK
r-oldrel-windows-x86_64 0.8.4 5.00 70.00 75.00 OK

Check Details

Version: 0.8.4
Check: package dependencies
Result: NOTE Package suggested but not available for checking: ‘rgeos’ Flavors: r-devel-linux-x86_64-debian-clang, r-devel-linux-x86_64-debian-gcc, r-patched-linux-x86_64, r-release-linux-x86_64

Version: 0.8.4
Check: package dependencies
Result: NOTE Packages suggested but not available for checking: 'flowCore', 'rgeos' Flavors: r-devel-linux-x86_64-fedora-clang, r-devel-linux-x86_64-fedora-gcc

Version: 0.8.4
Check: package dependencies
Result: NOTE Package suggested but not available for checking: ‘flowCore’ Flavors: r-release-macos-arm64, r-release-macos-x86_64