CRAN Package Check Results for Package hyfo

Last updated on 2019-09-22 18:47:38 CEST.

Flavor Version Tinstall Tcheck Ttotal Status Flags
r-devel-linux-x86_64-debian-clang 1.4.0 9.65 108.07 117.72 NOTE
r-devel-linux-x86_64-debian-gcc 1.4.0 8.19 81.66 89.85 NOTE
r-devel-linux-x86_64-fedora-clang 1.4.0 140.89 NOTE
r-devel-linux-x86_64-fedora-gcc 1.4.0 137.41 NOTE
r-devel-windows-ix86+x86_64 1.4.0 53.00 153.00 206.00 OK
r-patched-linux-x86_64 1.4.0 10.74 102.53 113.27 OK
r-patched-solaris-x86 1.4.0 205.70 OK
r-release-linux-x86_64 1.4.0 9.32 104.66 113.98 OK
r-release-windows-ix86+x86_64 1.4.0 28.00 138.00 166.00 OK
r-release-osx-x86_64 1.4.0 OK
r-oldrel-windows-ix86+x86_64 1.4.0 19.00 141.00 160.00 OK
r-oldrel-osx-x86_64 1.4.0 OK

Check Details

Version: 1.4.0
Check: for non-standard things in the check directory
Result: NOTE
    Found the following files/directories:
     'test.nc'
Flavors: r-devel-linux-x86_64-debian-clang, r-devel-linux-x86_64-debian-gcc, r-devel-linux-x86_64-fedora-clang, r-devel-linux-x86_64-fedora-gcc