Last updated on 2025-01-24 23:48:24 CET.
Flavor | Version | Tinstall | Tcheck | Ttotal | Status | Flags |
---|---|---|---|---|---|---|
r-devel-linux-x86_64-debian-clang | 0.5.2 | 14.31 | 157.71 | 172.02 | NOTE | |
r-devel-linux-x86_64-debian-gcc | 0.5.2 | 7.91 | 102.41 | 110.32 | NOTE | |
r-devel-linux-x86_64-fedora-clang | 0.5.2 | 276.51 | OK | |||
r-devel-linux-x86_64-fedora-gcc | 0.5.2 | 279.03 | OK | |||
r-devel-windows-x86_64 | 0.5.2 | 15.00 | 159.00 | 174.00 | OK | |
r-patched-linux-x86_64 | 0.5.2 | 13.16 | 157.97 | 171.13 | OK | |
r-release-linux-x86_64 | 0.5.2 | 13.37 | 160.42 | 173.79 | OK | |
r-release-macos-arm64 | 0.5.2 | 232.00 | OK | |||
r-release-macos-x86_64 | 0.5.2 | 428.00 | OK | |||
r-release-windows-x86_64 | 0.5.2 | 13.00 | 159.00 | 172.00 | OK | |
r-oldrel-macos-arm64 | 0.5.2 | 240.00 | OK | |||
r-oldrel-macos-x86_64 | 0.5.2 | 317.00 | OK | |||
r-oldrel-windows-x86_64 | 0.5.2 | 17.00 | 201.00 | 218.00 | OK |
Version: 0.5.2
Check: DESCRIPTION meta-information
Result: NOTE
Missing dependency on R >= 4.1.0 because package code uses the pipe
|> or function shorthand \(...) syntax added in R 4.1.0.
File(s) using such syntax:
‘updateGaugingData.R’
Flavors: r-devel-linux-x86_64-debian-clang, r-devel-linux-x86_64-debian-gcc