Last updated on 2021-01-24 10:48:44 CET.
Flavor | Version | Tinstall | Tcheck | Ttotal | Status | Flags |
---|---|---|---|---|---|---|
r-devel-linux-x86_64-debian-clang | 3.0.1 | 68.07 | 44.86 | 112.93 | OK | |
r-devel-linux-x86_64-debian-gcc | 3.0.1 | 47.31 | 40.57 | 87.88 | OK | |
r-devel-linux-x86_64-fedora-clang | 3.0.1 | 176.04 | NOTE | |||
r-devel-linux-x86_64-fedora-gcc | 3.0.1 | 149.03 | OK | |||
r-devel-windows-ix86+x86_64 | 3.0.1 | 148.00 | 111.00 | 259.00 | NOTE | |
r-patched-linux-x86_64 | 3.0.1 | 57.62 | 49.02 | 106.64 | OK | |
r-patched-solaris-x86 | 3.0.1 | 156.70 | OK | |||
r-release-linux-x86_64 | 3.0.1 | 55.59 | 49.64 | 105.23 | OK | |
r-release-macos-x86_64 | 3.0.1 | NOTE | ||||
r-release-windows-ix86+x86_64 | 3.0.1 | 117.00 | 131.00 | 248.00 | NOTE | |
r-oldrel-macos-x86_64 | 3.0.1 | NOTE | ||||
r-oldrel-windows-ix86+x86_64 | 3.0.1 | 125.00 | 133.00 | 258.00 | NOTE |
Version: 3.0.1
Check: installed package size
Result: NOTE
installed size is 8.7Mb
sub-directories of 1Mb or more:
dict 1.5Mb
doc 1.2Mb
libs 5.9Mb
Flavors: r-devel-linux-x86_64-fedora-clang, r-devel-windows-ix86+x86_64, r-release-macos-x86_64, r-release-windows-ix86+x86_64, r-oldrel-macos-x86_64, r-oldrel-windows-ix86+x86_64