Last updated on 2023-06-05 13:56:52 CEST.
Flavor | Version | Tinstall | Tcheck | Ttotal | Status | Flags |
---|---|---|---|---|---|---|
r-devel-linux-x86_64-debian-clang | 0.6.0 | 45.28 | 32.14 | 77.42 | NOTE | |
r-devel-linux-x86_64-debian-gcc | 0.6.0 | 32.37 | 24.90 | 57.27 | NOTE | |
r-devel-linux-x86_64-fedora-clang | 0.6.0 | 115.51 | NOTE | |||
r-devel-linux-x86_64-fedora-gcc | 0.6.0 | 125.74 | NOTE | |||
r-devel-windows-x86_64 | 0.6.0 | 33.00 | 70.00 | 103.00 | NOTE | |
r-patched-linux-x86_64 | 0.6.0 | 38.85 | 30.15 | 69.00 | NOTE | |
r-release-linux-x86_64 | 0.6.0 | 35.11 | 30.74 | 65.85 | NOTE | |
r-release-macos-arm64 | 0.6.0 | 39.00 | NOTE | |||
r-release-macos-x86_64 | 0.6.0 | 59.00 | NOTE | |||
r-release-windows-x86_64 | 0.6.0 | 41.00 | 75.00 | 116.00 | NOTE | |
r-oldrel-macos-arm64 | 0.6.0 | 34.00 | NOTE | |||
r-oldrel-macos-x86_64 | 0.6.0 | 44.00 | NOTE | |||
r-oldrel-windows-x86_64 | 0.6.0 | 46.00 | 72.00 | 118.00 | NOTE |
Version: 0.6.0
Check: LazyData
Result: NOTE
'LazyData' is specified without a 'data' directory
Flavors: r-devel-linux-x86_64-debian-clang, r-devel-linux-x86_64-debian-gcc, r-devel-linux-x86_64-fedora-clang, r-devel-linux-x86_64-fedora-gcc, r-devel-windows-x86_64, r-patched-linux-x86_64, r-release-linux-x86_64, r-release-macos-arm64, r-release-macos-x86_64, r-release-windows-x86_64, r-oldrel-macos-arm64, r-oldrel-macos-x86_64, r-oldrel-windows-x86_64
Version: 0.6.0
Check: compiled code
Result: NOTE
File ‘humaniformat/libs/humaniformat.so’:
Found no calls to: ‘R_registerRoutines’, ‘R_useDynamicSymbols’
It is good practice to register native routines and to disable symbol
search.
See ‘Writing portable packages’ in the ‘Writing R Extensions’ manual.
Flavors: r-devel-linux-x86_64-fedora-clang, r-devel-linux-x86_64-fedora-gcc