CRAN Package Check Results for Package humanFormat

Last updated on 2019-07-19 15:47:01 CEST.

Flavor Version Tinstall Tcheck Ttotal Status Flags
r-devel-linux-x86_64-debian-clang 1.0 1.76 20.55 22.31 NOTE
r-devel-linux-x86_64-debian-gcc 1.0 1.40 17.34 18.74 NOTE
r-devel-linux-x86_64-fedora-clang 1.0 27.62 NOTE
r-devel-linux-x86_64-fedora-gcc 1.0 30.12 NOTE
r-devel-windows-ix86+x86_64 1.0 6.00 33.00 39.00 NOTE
r-patched-linux-x86_64 1.0 1.72 20.83 22.55 NOTE
r-patched-solaris-x86 1.0 46.80 NOTE
r-release-linux-x86_64 1.0 1.77 20.79 22.56 NOTE
r-release-windows-ix86+x86_64 1.0 4.00 35.00 39.00 NOTE
r-release-osx-x86_64 1.0 NOTE
r-oldrel-windows-ix86+x86_64 1.0 2.00 48.00 50.00 NOTE
r-oldrel-osx-x86_64 1.0 NOTE

Check Details

Version: 1.0
Check: dependencies in R code
Result: NOTE
    Package in Depends field not imported from: 'testthat'
     These packages need to be imported from (in the NAMESPACE file)
     for when this namespace is loaded but not attached.
Flavors: r-devel-linux-x86_64-debian-clang, r-devel-linux-x86_64-debian-gcc, r-devel-linux-x86_64-fedora-clang, r-devel-linux-x86_64-fedora-gcc, r-devel-windows-ix86+x86_64, r-patched-linux-x86_64, r-patched-solaris-x86, r-release-linux-x86_64, r-release-windows-ix86+x86_64, r-release-osx-x86_64, r-oldrel-windows-ix86+x86_64, r-oldrel-osx-x86_64