CRAN Package Check Results for Package httr

Last updated on 2020-04-10 11:48:13 CEST.

Flavor Version Tinstall Tcheck Ttotal Status Flags
r-devel-linux-x86_64-debian-clang 1.4.1 8.69 53.29 61.98 OK
r-devel-linux-x86_64-debian-gcc 1.4.1 6.86 41.86 48.72 OK
r-devel-linux-x86_64-fedora-clang 1.4.1 65.29 OK
r-devel-linux-x86_64-fedora-gcc 1.4.1 83.24 OK
r-devel-windows-ix86+x86_64 1.4.1 13.00 131.00 144.00 OK
r-devel-windows-ix86+x86_64-gcc8 1.4.1 11.00 98.00 109.00 OK
r-patched-linux-x86_64 1.4.1 6.64 52.40 59.04 OK
r-patched-osx-x86_64 1.4.1 WARN
r-patched-solaris-x86 1.4.1 86.00 ERROR
r-release-linux-x86_64 1.4.1 5.86 49.08 54.94 ERROR
r-release-windows-ix86+x86_64 1.4.1 11.00 101.00 112.00 OK
r-release-osx-x86_64 1.4.1 OK
r-oldrel-windows-ix86+x86_64 1.4.1 13.00 112.00 125.00 OK
r-oldrel-osx-x86_64 1.4.1 OK

Check Details

Version: 1.4.1
Check: re-building of vignette outputs
Result: WARN
    Error(s) in re-building vignettes:
    --- re-building ‘api-packages.Rmd’ using rmarkdown
    dyld: lazy symbol binding failed: Symbol not found: ____chkstk_darwin
     Referenced from: /usr/local/bin/pandoc (which was built for Mac OS X 10.15)
     Expected in: /usr/lib/libSystem.B.dylib
    
    dyld: Symbol not found: ____chkstk_darwin
     Referenced from: /usr/local/bin/pandoc (which was built for Mac OS X 10.15)
     Expected in: /usr/lib/libSystem.B.dylib
    
    Error: processing vignette 'api-packages.Rmd' failed with diagnostics:
    pandoc document conversion failed with error 6
    --- failed re-building ‘api-packages.Rmd’
    
    --- re-building ‘quickstart.Rmd’ using rmarkdown
    dyld: lazy symbol binding failed: Symbol not found: ____chkstk_darwin
     Referenced from: /usr/local/bin/pandoc (which was built for Mac OS X 10.15)
     Expected in: /usr/lib/libSystem.B.dylib
    
    dyld: Symbol not found: ____chkstk_darwin
     Referenced from: /usr/local/bin/pandoc (which was built for Mac OS X 10.15)
     Expected in: /usr/lib/libSystem.B.dylib
    
    Error: processing vignette 'quickstart.Rmd' failed with diagnostics:
    pandoc document conversion failed with error 6
    --- failed re-building ‘quickstart.Rmd’
    
    --- re-building ‘secrets.Rmd’ using rmarkdown
    dyld: lazy symbol binding failed: Symbol not found: ____chkstk_darwin
     Referenced from: /usr/local/bin/pandoc (which was built for Mac OS X 10.15)
     Expected in: /usr/lib/libSystem.B.dylib
    
    dyld: Symbol not found: ____chkstk_darwin
     Referenced from: /usr/local/bin/pandoc (which was built for Mac OS X 10.15)
     Expected in: /usr/lib/libSystem.B.dylib
    
    Error: processing vignette 'secrets.Rmd' failed with diagnostics:
    pandoc document conversion failed with error 6
    --- failed re-building ‘secrets.Rmd’
    
    SUMMARY: processing the following files failed:
     ‘api-packages.Rmd’ ‘quickstart.Rmd’ ‘secrets.Rmd’
    
    Error: Vignette re-building failed.
    Execution halted
Flavor: r-patched-osx-x86_64

Version: 1.4.1
Check: tests
Result: ERROR
     Running ‘testthat.R’ [5s/62s]
    Running the tests in ‘tests/testthat.R’ failed.
    Complete output:
     > library(testthat)
     > test_check("httr")
     Loading required package: httr
     ── 1. Failure: if request_perform() throws an error, RETRY passes it on (@test-r
     `RETRY(...)` threw an error with unexpected message.
     Expected match: "resolve host"
     Actual message: "Could not resolve: 98d90a2a254647889e2e4c236fb576cd.com (Domain name not found)"
     Backtrace:
     1. testthat::expect_error(...)
     6. httr::RETRY(...)
    
     ══ testthat results ═══════════════════════════════════════════════════════════
     [ OK: 158 | SKIPPED: 2 | WARNINGS: 4 | FAILED: 1 ]
     1. Failure: if request_perform() throws an error, RETRY passes it on (@test-retry.R#18)
    
     Error: testthat unit tests failed
     Execution halted
Flavor: r-patched-solaris-x86

Version: 1.4.1
Check: tests
Result: ERROR
     Running ‘testthat.R’ [9s/19s]
    Running the tests in ‘tests/testthat.R’ failed.
    Complete output:
     > library(testthat)
     > test_check("httr")
     Loading required package: httr
     ── 1. Failure: string/raw in body gives same string in data element (@test-body.
     out$data not equal to "test".
     target is NULL, current is character
    
     ══ testthat results ═══════════════════════════════════════════════════════════
     [ OK: 158 | SKIPPED: 2 | WARNINGS: 4 | FAILED: 1 ]
     1. Failure: string/raw in body gives same string in data element (@test-body.r#22)
    
     Error: testthat unit tests failed
     Execution halted
Flavor: r-release-linux-x86_64