CRAN Package Check Results for Package httr

Last updated on 2019-11-21 16:49:04 CET.

Flavor Version Tinstall Tcheck Ttotal Status Flags
r-devel-linux-x86_64-debian-clang 1.4.1 6.25 50.86 57.11 OK
r-devel-linux-x86_64-debian-gcc 1.4.1 7.52 41.02 48.54 OK
r-devel-linux-x86_64-fedora-clang 1.4.1 70.31 OK
r-devel-linux-x86_64-fedora-gcc 1.4.1 71.00 OK
r-devel-windows-ix86+x86_64 1.4.1 19.00 97.00 116.00 OK
r-devel-windows-ix86+x86_64-gcc8 1.4.1 14.00 94.00 108.00 OK
r-patched-linux-x86_64 1.4.1 6.20 49.20 55.40 OK
r-patched-solaris-x86 1.4.1 82.80 ERROR
r-release-linux-x86_64 1.4.1 7.71 49.54 57.25 OK
r-release-windows-ix86+x86_64 1.4.1 15.00 115.00 130.00 OK
r-release-osx-x86_64 1.4.1 OK
r-oldrel-windows-ix86+x86_64 1.4.1 10.00 104.00 114.00 OK
r-oldrel-osx-x86_64 1.4.1 OK

Check Details

Version: 1.4.1
Check: tests
Result: ERROR
     Running ‘testthat.R’ [6s/56s]
    Running the tests in ‘tests/testthat.R’ failed.
    Complete output:
     > library(testthat)
     > test_check("httr")
     Loading required package: httr
     ── 1. Failure: if request_perform() throws an error, RETRY passes it on (@test-r
     `RETRY(...)` threw an error with unexpected message.
     Expected match: "resolve host"
     Actual message: "Could not resolve: 98d90a2a254647889e2e4c236fb576cd.com (Domain name not found)"
     Backtrace:
     1. testthat::expect_error(...)
     6. httr::RETRY(...)
    
     ══ testthat results ═══════════════════════════════════════════════════════════
     [ OK: 158 | SKIPPED: 2 | WARNINGS: 4 | FAILED: 1 ]
     1. Failure: if request_perform() throws an error, RETRY passes it on (@test-retry.R#18)
    
     Error: testthat unit tests failed
     Execution halted
Flavor: r-patched-solaris-x86