CRAN Package Check Results for Package httpcache

Last updated on 2020-06-04 14:47:35 CEST.

Flavor Version Tinstall Tcheck Ttotal Status Flags
r-devel-linux-x86_64-debian-clang 1.1.0 2.20 25.52 27.72 OK
r-devel-linux-x86_64-debian-gcc 1.1.0 1.88 20.33 22.21 OK
r-devel-linux-x86_64-fedora-clang 1.1.0 42.29 OK
r-devel-linux-x86_64-fedora-gcc 1.1.0 34.76 OK
r-devel-windows-ix86+x86_64 1.1.0 8.00 72.00 80.00 WARN
r-patched-linux-x86_64 1.1.0 1.92 25.71 27.63 OK
r-patched-solaris-x86 1.1.0 52.60 OK
r-release-linux-x86_64 1.1.0 2.46 26.01 28.47 OK
r-release-osx-x86_64 1.1.0 OK
r-release-windows-ix86+x86_64 1.1.0 7.00 61.00 68.00 OK
r-oldrel-osx-x86_64 1.1.0 OK
r-oldrel-windows-ix86+x86_64 1.1.0 9.00 40.00 49.00 OK

Check Details

Version: 1.1.0
Check: re-building of vignette outputs
Result: WARN
    Error(s) in re-building vignettes:
    --- re-building 'httpcache.Rmd' using knitr
    Quitting from lines 22-24 (httpcache.Rmd)
    Error: processing vignette 'httpcache.Rmd' failed with diagnostics:
    Failed to connect to httpbin.org port 80: Timed out
    --- failed re-building 'httpcache.Rmd'
    
    SUMMARY: processing the following file failed:
     'httpcache.Rmd'
    
    Error: Vignette re-building failed.
    Execution halted
Flavor: r-devel-windows-ix86+x86_64