CRAN Package Check Results for Package htdp

Last updated on 2022-11-26 22:03:55 CET.

Flavor Version Tinstall Tcheck Ttotal Status Flags
r-devel-linux-x86_64-debian-clang 0.1.4 46.13 28.18 74.31 NOTE
r-devel-linux-x86_64-debian-gcc 0.1.4 34.36 21.98 56.34 NOTE
r-devel-linux-x86_64-fedora-clang 0.1.4 113.98 NOTE
r-devel-linux-x86_64-fedora-gcc 0.1.4 109.49 NOTE
r-devel-windows-x86_64 0.1.4 50.00 75.00 125.00 NOTE
r-patched-linux-x86_64 0.1.4 NOTE
r-release-linux-x86_64 0.1.4 37.54 27.45 64.99 NOTE
r-release-macos-arm64 0.1.4 44.00 NOTE
r-release-macos-x86_64 0.1.4 41.00 NOTE
r-release-windows-x86_64 0.1.4 52.00 77.00 129.00 NOTE
r-oldrel-macos-arm64 0.1.4 45.00 NOTE
r-oldrel-macos-x86_64 0.1.4 75.00 NOTE
r-oldrel-windows-ix86+x86_64 0.1.4 98.00 76.00 174.00 NOTE

Check Details

Version: 0.1.4
Check: LazyData
Result: NOTE
     'LazyData' is specified without a 'data' directory
Flavors: r-devel-linux-x86_64-debian-clang, r-devel-linux-x86_64-debian-gcc, r-devel-linux-x86_64-fedora-clang, r-devel-linux-x86_64-fedora-gcc, r-devel-windows-x86_64, r-patched-linux-x86_64, r-release-linux-x86_64, r-release-macos-arm64, r-release-macos-x86_64, r-release-windows-x86_64, r-oldrel-macos-arm64, r-oldrel-macos-x86_64, r-oldrel-windows-ix86+x86_64

Version: 0.1.4
Check: compiled code
Result: NOTE
    File ‘htdp/libs/htdp.so’:
     Found no calls to: ‘R_registerRoutines’, ‘R_useDynamicSymbols’
    
    It is good practice to register native routines and to disable symbol
    search.
    
    See ‘Writing portable packages’ in the ‘Writing R Extensions’ manual.
Flavors: r-devel-linux-x86_64-fedora-clang, r-devel-linux-x86_64-fedora-gcc

Version: 0.1.4
Check: installed package size
Result: NOTE
     installed size is 6.0Mb
     sub-directories of 1Mb or more:
     libs 6.0Mb
Flavor: r-oldrel-windows-ix86+x86_64