Last updated on 2023-06-07 12:00:37 CEST.
Flavor | Version | Tinstall | Tcheck | Ttotal | Status | Flags |
---|---|---|---|---|---|---|
r-devel-linux-x86_64-debian-clang | 0.8.1 | 460.17 | 142.16 | 602.33 | OK | |
r-devel-linux-x86_64-debian-gcc | 0.8.1 | 433.90 | 131.95 | 565.85 | OK | |
r-devel-linux-x86_64-fedora-clang | 0.8.1 | 757.41 | NOTE | |||
r-devel-linux-x86_64-fedora-gcc | 0.8.1 | 1016.35 | NOTE | |||
r-devel-windows-x86_64 | 0.8.1 | 376.00 | 208.00 | 584.00 | OK | |
r-patched-linux-x86_64 | 0.8.1 | 333.74 | 167.40 | 501.14 | OK | |
r-release-linux-x86_64 | 0.8.1 | 0.02 | 1.92 | 1.94 | ERROR | |
r-release-macos-arm64 | 0.8.1 | 232.00 | NOTE | |||
r-release-macos-x86_64 | 0.8.1 | 369.00 | NOTE | |||
r-release-windows-x86_64 | 0.8.1 | 470.00 | 269.00 | 739.00 | OK | |
r-oldrel-macos-arm64 | 0.8.1 | 203.00 | NOTE | |||
r-oldrel-macos-x86_64 | 0.8.1 | 410.00 | NOTE | |||
r-oldrel-windows-x86_64 | 0.8.1 | 441.00 | 246.00 | 687.00 | OK |
Version: 0.8.1
Check: dependencies in R code
Result: NOTE
Namespace in Imports field not imported from: ‘RcppParallel’
All declared Imports should be used.
Flavors: r-devel-linux-x86_64-fedora-clang, r-devel-linux-x86_64-fedora-gcc, r-oldrel-macos-arm64, r-oldrel-macos-x86_64
Version: 0.8.1
Check: for GNU extensions in Makefiles
Result: NOTE
GNU make is a SystemRequirements.
Flavors: r-devel-linux-x86_64-fedora-clang, r-devel-linux-x86_64-fedora-gcc, r-release-macos-arm64, r-release-macos-x86_64, r-oldrel-macos-arm64, r-oldrel-macos-x86_64
Version: 0.8.1
Check: whether package can be installed
Result: ERROR
Installation failed.
Flavor: r-release-linux-x86_64
Version: 0.8.1
Check: installed package size
Result: NOTE
installed size is 62.5Mb
sub-directories of 1Mb or more:
libs 61.9Mb
Flavors: r-release-macos-arm64, r-release-macos-x86_64, r-oldrel-macos-arm64, r-oldrel-macos-x86_64