CRAN Package Check Results for Package hspm

Last updated on 2023-03-30 17:52:31 CEST.

Flavor Version Tinstall Tcheck Ttotal Status Flags
r-devel-linux-x86_64-debian-clang 1.1 13.32 142.73 156.05 OK
r-devel-linux-x86_64-debian-gcc 1.1 14.59 106.19 120.78 OK
r-devel-linux-x86_64-fedora-clang 1.1 202.59 OK
r-devel-linux-x86_64-fedora-gcc 1.1 187.54 OK
r-devel-windows-x86_64 1.1 29.00 0.00 29.00 OK
r-patched-linux-x86_64 1.1 15.83 133.26 149.09 OK
r-release-linux-x86_64 1.1 15.69 131.40 147.09 OK
r-release-macos-arm64 1.1 48.00 ERROR
r-release-macos-x86_64 1.1 78.00 ERROR
r-release-windows-x86_64 1.1 19.00 168.00 187.00 OK
r-oldrel-macos-arm64 1.1 45.00 ERROR
r-oldrel-macos-x86_64 1.1 80.00 ERROR
r-oldrel-windows-ix86+x86_64 1.1 36.00 149.00 185.00 ERROR

Check Details

Version: 1.1
Check: PDF version of manual
Result: WARN
    LaTeX errors when creating PDF version.
    This typically indicates Rd problems.
    LaTeX errors found:
    ! LaTeX Error: Environment bmatrix undefined.
    
    See the LaTeX manual or LaTeX Companion for explanation.
    Type H <return> for immediate help.
     ...
    ! Misplaced alignment tab character &.
    <argument> y = \begin {bmatrix} X_1&
     0 \\ 0 & X_2 \\ \end {bmatrix} \begin ...
    l.139 }{}
    
    ! Misplaced alignment tab character &.
    <argument> y = \begin {bmatrix} X_1& 0 \\ 0 &
     X_2 \\ \end {bmatrix} \begin ...
    l.139 }{}
    
    ! LaTeX Error: \begin{list} on input line 114 ended by \end{bmatrix}.
    
    See the LaTeX manual or LaTeX Companion for explanation.
    Type H <return> for immediate help.
     ...
    ! LaTeX Error: Environment bmatrix undefined.
    
    See the LaTeX manual or LaTeX Companion for explanation.
    Type H <return> for immediate help.
     ...
    ! LaTeX Error: \begin{list} on input line 114 ended by \end{bmatrix}.
    
    See the LaTeX manual or LaTeX Companion for explanation.
    Type H <return> for immediate help.
     ...
    ! LaTeX Error: Environment bmatrix undefined.
    
    See the LaTeX manual or LaTeX Companion for explanation.
    Type H <return> for immediate help.
     ...
    ! Misplaced alignment tab character &.
    <argument> ...ix} + X\beta + \begin {bmatrix} Y_1&
     0 \\ 0 & Y_2 \\ \end {bma...
    l.139 }{}
    
    ! Misplaced alignment tab character &.
    <argument> ...eta + \begin {bmatrix} Y_1& 0 \\ 0 &
     Y_2 \\ \end {bmatrix} \be...
    l.139 }{}
    
    ! LaTeX Error: \begin{list} on input line 114 ended by \end{bmatrix}.
    
    See the LaTeX manual or LaTeX Companion for explanation.
    Type H <return> for immediate help.
     ...
    ! LaTeX Error: Environment bmatrix undefined.
    
    See the LaTeX manual or LaTeX Companion for explanation.
    Type H <return> for immediate help.
     ...
    ! LaTeX Error: \begin{list} on input line 114 ended by \end{bmatrix}.
    
    See the LaTeX manual or LaTeX Companion for explanation.
    Type H <return> for immediate help.
     ...
    ! LaTeX Error: Environment bmatrix undefined.
    
    See the LaTeX manual or LaTeX Companion for explanation.
    Type H <return> for immediate help.
     ...
    ! Misplaced alignment tab character &.
    <argument> y = \begin {bmatrix} X_1&
     0 \\ 0 & X_2 \\ \end {bmatrix} \begin ...
    l.350 }{}
    
    ! Misplaced alignment tab character &.
    <argument> y = \begin {bmatrix} X_1& 0 \\ 0 &
     X_2 \\ \end {bmatrix} \begin ...
    l.350 }{}
    
    ! LaTeX Error: \begin{list} on input line 332 ended by \end{bmatrix}.
    
    See the LaTeX manual or LaTeX Companion for explanation.
    Type H <return> for immediate help.
     ...
    ! LaTeX Error: Environment bmatrix undefined.
    
    See the LaTeX manual or LaTeX Companion for explanation.
    Type H <return> for immediate help.
     ...
    ! LaTeX Error: \begin{list} on input line 332 ended by \end{bmatrix}.
    
    See the LaTeX manual or LaTeX Companion for explanation.
    Type H <return> for immediate help.
     ...
    ! LaTeX Error: Environment aligned undefined.
    
    See the LaTeX manual or LaTeX Companion for explanation.
    Type H <return> for immediate help.
     ...
    ! Misplaced alignment tab character &.
    <argument> \begin {aligned} y = &
     W\begin {bmatrix} y_1& 0 \\ 0 & y_2 \\ \e...
    l.560 }{}
    
    ! LaTeX Error: Environment bmatrix undefined.
    
    See the LaTeX manual or LaTeX Companion for explanation.
    Type H <return> for immediate help.
     ...
    ! Misplaced alignment tab character &.
    <argument> ...ligned} y = & W\begin {bmatrix} y_1&
     0 \\ 0 & y_2 \\ \end {bma...
    l.560 }{}
    
    ! Misplaced alignment tab character &.
    <argument> ... = & W\begin {bmatrix} y_1& 0 \\ 0 &
     y_2 \\ \end {bmatrix} \be...
    l.560 }{}
    
    ! LaTeX Error: \begin{list} on input line 499 ended by \end{bmatrix}.
    
    See the LaTeX manual or LaTeX Companion for explanation.
    Type H <return> for immediate help.
     ...
    ! LaTeX Error: Environment bmatrix undefined.
    
    See the LaTeX manual or LaTeX Companion for explanation.
    Type H <return> for immediate help.
     ...
    ! LaTeX Error: \begin{list} on input line 499 ended by \end{bmatrix}.
    
    See the LaTeX manual or LaTeX Companion for explanation.
    Type H <return> for immediate help.
     ...
    ! LaTeX Error: Environment bmatrix undefined.
    
    See the LaTeX manual or LaTeX Companion for explanation.
    Type H <return> for immediate help.
     ...
    ! Misplaced alignment tab character &.
    <argument> ...nd {bmatrix} + \begin {bmatrix} X_1&
     0 \\ 0 & X_2 \\ \end {bma...
    l.560 }{}
    
    ! Misplaced alignment tab character &.
    <argument> ...ix} + \begin {bmatrix} X_1& 0 \\ 0 &
     X_2 \\ \end {bmatrix} \be...
    l.560 }{}
    
    ! LaTeX Error: \begin{list} on input line 499 ended by \end{bmatrix}.
    
    See the LaTeX manual or LaTeX Companion for explanation.
    Type H <return> for immediate help.
     ...
    ! LaTeX Error: Environment bmatrix undefined.
    
    See the LaTeX manual or LaTeX Companion for explanation.
    Type H <return> for immediate help.
     ...
    ! LaTeX Error: \begin{list} on input line 499 ended by \end{bmatrix}.
    
    See the LaTeX manual or LaTeX Companion for explanation.
    Type H <return> for immediate help.
     ...
    ! LaTeX Error: Environment bmatrix undefined.
    
    See the LaTeX manual or LaTeX Companion for explanation.
    Type H <return> for immediate help.
     ...
    ! Misplaced alignment tab character &.
    <argument> ...ix} + X\beta + \begin {bmatrix} Y_1&
     0 \\ 0 & Y_2 \\ \end {bma...
    l.560 }{}
    
    ! Misplaced alignment tab character &.
    <argument> ...eta + \begin {bmatrix} Y_1& 0 \\ 0 &
     Y_2 \\ \end {bmatrix} \be...
    l.560 }{}
    
    ! LaTeX Error: \begin{list} on input line 499 ended by \end{bmatrix}.
    
    See the LaTeX manual or LaTeX Companion for explanation.
    Type H <return> for immediate help.
     ...
    ! LaTeX Error: Environment bmatrix undefined.
    
    See the LaTeX manual or LaTeX Companion for explanation.
    Type H <return> for immediate help.
     ...
    ! LaTeX Error: \begin{list} on input line 499 ended by \end{bmatrix}.
    
    See the LaTeX manual or LaTeX Companion for explanation.
    Type H <return> for immediate help.
     ...
    ! Misplaced alignment tab character &.
    <recently read> &
    
    l.560 }{}
    
    ! LaTeX Error: Environment bmatrix undefined.
    
    See the LaTeX manual or LaTeX Companion for explanation.
    Type H <return> for immediate help.
     ...
    ! Misplaced alignment tab character &.
    <argument> ...+ Y\pi + \\ & W\begin {bmatrix} X_1&
     0 \\ 0 & X_2 \\ \end {bma...
    l.560 }{}
    
    ! Misplaced alignment tab character &.
    <argument> ...\\ & W\begin {bmatrix} X_1& 0 \\ 0 &
     X_2 \\ \end {bmatrix} \be...
    l.560 }{}
    
    ! LaTeX Error: \begin{list} on input line 499 ended by \end{bmatrix}.
    
    See the LaTeX manual or LaTeX Companion for explanation.
    Type H <return> for immediate help.
     ...
    ! LaTeX Error: Environment bmatrix undefined.
    
    See the LaTeX manual or LaTeX Companion for explanation.
    Type H <return> for immediate help.
     ...
    ! LaTeX Error: \begin{list} on input line 499 ended by \end{bmatrix}.
    
    See the LaTeX manual or LaTeX Companion for explanation.
    Type H <return> for immediate help.
     ...
    ! LaTeX Error: Environment bmatrix undefined.
    
    See the LaTeX manual or LaTeX Companion for explanation.
    Type H <return> for immediate help.
     ...
    ! Misplaced alignment tab character &.
    <argument> ...+ WX\delta + W \begin {bmatrix} Y_1&
     0 \\ 0 & Y_2 \\ \end {bma...
    l.560 }{}
    
    ! Misplaced alignment tab character &.
    <argument> ...a + W \begin {bmatrix} Y_1& 0 \\ 0 &
     Y_2 \\ \end {bmatrix} \be...
    l.560 }{}
    
    ! LaTeX Error: \begin{list} on input line 499 ended by \end{bmatrix}.
    
    See the LaTeX manual or LaTeX Companion for explanation.
    Type H <return> for immediate help.
     ...
    ! LaTeX Error: Environment bmatrix undefined.
    
    See the LaTeX manual or LaTeX Companion for explanation.
    Type H <return> for immediate help.
     ...
    ! LaTeX Error: \begin{list} on input line 499 ended by \end{bmatrix}.
    
    See the LaTeX manual or LaTeX Companion for explanation.
    Type H <return> for immediate help.
     ...
    ! LaTeX Error: Environment bmatrix undefined.
    
    See the LaTeX manual or LaTeX Companion for explanation.
    Type H <return> for immediate help.
     ...
    ! LaTeX Error: \begin{list} on input line 499 ended by \end{bmatrix}.
    
    See the LaTeX manual or LaTeX Companion for explanation.
    Type H <return> for immediate help.
     ...
    ! LaTeX Error: \begin{list} on input line 499 ended by \end{aligned}.
    
    See the LaTeX manual or LaTeX Companion for explanation.
    Type H <return> for immediate help.
     ...
    ! LaTeX Error: Environment bmatrix undefined.
    
    See the LaTeX manual or LaTeX Companion for explanation.
    Type H <return> for immediate help.
     ...
    ! LaTeX Error: \begin{list} on input line 499 ended by \end{bmatrix}.
    
    See the LaTeX manual or LaTeX Companion for explanation.
    Type H <return> for immediate help.
     ...
    ! LaTeX Error: Environment bmatrix undefined.
    
    See the LaTeX manual or LaTeX Companion for explanation.
    Type H <return> for immediate help.
     ...
    ! Misplaced alignment tab character &.
    <argument> ... =W \begin {bmatrix} \varepsilon _1&
     0 \\ 0&\varepsilon _2 \\ \...
    l.576 }{}
    
    ! Misplaced alignment tab character &.
    <argument> ...gin {bmatrix} \varepsilon _1&0 \\ 0&
     \varepsilon _2 \\ \end {bm...
    l.576 }{}
    
    ! LaTeX Error: \begin{list} on input line 499 ended by \end{bmatrix}.
    
    See the LaTeX manual or LaTeX Companion for explanation.
    Type H <return> for immediate help.
     ...
    ! LaTeX Error: Environment bmatrix undefined.
    
    See the LaTeX manual or LaTeX Companion for explanation.
    Type H <return> for immediate help.
     ...
    ! LaTeX Error: \begin{list} on input line 499 ended by \end{bmatrix}.
    
    See the LaTeX manual or LaTeX Companion for explanation.
    Type H <return> for immediate help.
     ...
Flavors: r-release-macos-arm64, r-release-macos-x86_64

Version: 1.1
Check: PDF version of manual without index
Result: ERROR
Flavors: r-release-macos-arm64, r-release-macos-x86_64

Version: 1.1
Check: PDF version of manual
Result: WARN
    LaTeX errors when creating PDF version.
    This typically indicates Rd problems.
    LaTeX errors found:
    ! LaTeX Error: Environment bmatrix undefined.
    
    See the LaTeX manual or LaTeX Companion for explanation.
    Type H <return> for immediate help.
     ...
    ! Misplaced alignment tab character &.
    <argument> y = \begin {bmatrix} X_1&
     0 \\ 0 & X_2 \\ \end {bmatrix} \begin ...
    l.137 }{}
    
    ! Misplaced alignment tab character &.
    <argument> y = \begin {bmatrix} X_1& 0 \\ 0 &
     X_2 \\ \end {bmatrix} \begin ...
    l.137 }{}
    
    ! LaTeX Error: \begin{list} on input line 112 ended by \end{bmatrix}.
    
    See the LaTeX manual or LaTeX Companion for explanation.
    Type H <return> for immediate help.
     ...
    ! LaTeX Error: Environment bmatrix undefined.
    
    See the LaTeX manual or LaTeX Companion for explanation.
    Type H <return> for immediate help.
     ...
    ! LaTeX Error: \begin{list} on input line 112 ended by \end{bmatrix}.
    
    See the LaTeX manual or LaTeX Companion for explanation.
    Type H <return> for immediate help.
     ...
    ! LaTeX Error: Environment bmatrix undefined.
    
    See the LaTeX manual or LaTeX Companion for explanation.
    Type H <return> for immediate help.
     ...
    ! Misplaced alignment tab character &.
    <argument> ...ix} + X\beta + \begin {bmatrix} Y_1&
     0 \\ 0 & Y_2 \\ \end {bma...
    l.137 }{}
    
    ! Misplaced alignment tab character &.
    <argument> ...eta + \begin {bmatrix} Y_1& 0 \\ 0 &
     Y_2 \\ \end {bmatrix} \be...
    l.137 }{}
    
    ! LaTeX Error: \begin{list} on input line 112 ended by \end{bmatrix}.
    
    See the LaTeX manual or LaTeX Companion for explanation.
    Type H <return> for immediate help.
     ...
    ! LaTeX Error: Environment bmatrix undefined.
    
    See the LaTeX manual or LaTeX Companion for explanation.
    Type H <return> for immediate help.
     ...
    ! LaTeX Error: \begin{list} on input line 112 ended by \end{bmatrix}.
    
    See the LaTeX manual or LaTeX Companion for explanation.
    Type H <return> for immediate help.
     ...
    ! LaTeX Error: Environment bmatrix undefined.
    
    See the LaTeX manual or LaTeX Companion for explanation.
    Type H <return> for immediate help.
     ...
    ! Misplaced alignment tab character &.
    <argument> y = \begin {bmatrix} X_1&
     0 \\ 0 & X_2 \\ \end {bmatrix} \begin ...
    l.348 }{}
    
    ! Misplaced alignment tab character &.
    <argument> y = \begin {bmatrix} X_1& 0 \\ 0 &
     X_2 \\ \end {bmatrix} \begin ...
    l.348 }{}
    
    ! LaTeX Error: \begin{list} on input line 330 ended by \end{bmatrix}.
    
    See the LaTeX manual or LaTeX Companion for explanation.
    Type H <return> for immediate help.
     ...
    ! LaTeX Error: Environment bmatrix undefined.
    
    See the LaTeX manual or LaTeX Companion for explanation.
    Type H <return> for immediate help.
     ...
    ! LaTeX Error: \begin{list} on input line 330 ended by \end{bmatrix}.
    
    See the LaTeX manual or LaTeX Companion for explanation.
    Type H <return> for immediate help.
     ...
    ! LaTeX Error: Environment aligned undefined.
    
    See the LaTeX manual or LaTeX Companion for explanation.
    Type H <return> for immediate help.
     ...
    ! Misplaced alignment tab character &.
    <argument> \begin {aligned} y = &
     W\begin {bmatrix} y_1& 0 \\ 0 & y_2 \\ \e...
    l.558 }{}
    
    ! LaTeX Error: Environment bmatrix undefined.
    
    See the LaTeX manual or LaTeX Companion for explanation.
    Type H <return> for immediate help.
     ...
    ! Misplaced alignment tab character &.
    <argument> ...ligned} y = & W\begin {bmatrix} y_1&
     0 \\ 0 & y_2 \\ \end {bma...
    l.558 }{}
    
    ! Misplaced alignment tab character &.
    <argument> ... = & W\begin {bmatrix} y_1& 0 \\ 0 &
     y_2 \\ \end {bmatrix} \be...
    l.558 }{}
    
    ! LaTeX Error: \begin{list} on input line 497 ended by \end{bmatrix}.
    
    See the LaTeX manual or LaTeX Companion for explanation.
    Type H <return> for immediate help.
     ...
    ! LaTeX Error: Environment bmatrix undefined.
    
    See the LaTeX manual or LaTeX Companion for explanation.
    Type H <return> for immediate help.
     ...
    ! LaTeX Error: \begin{list} on input line 497 ended by \end{bmatrix}.
    
    See the LaTeX manual or LaTeX Companion for explanation.
    Type H <return> for immediate help.
     ...
    ! LaTeX Error: Environment bmatrix undefined.
    
    See the LaTeX manual or LaTeX Companion for explanation.
    Type H <return> for immediate help.
     ...
    ! Misplaced alignment tab character &.
    <argument> ...nd {bmatrix} + \begin {bmatrix} X_1&
     0 \\ 0 & X_2 \\ \end {bma...
    l.558 }{}
    
    ! Misplaced alignment tab character &.
    <argument> ...ix} + \begin {bmatrix} X_1& 0 \\ 0 &
     X_2 \\ \end {bmatrix} \be...
    l.558 }{}
    
    ! LaTeX Error: \begin{list} on input line 497 ended by \end{bmatrix}.
    
    See the LaTeX manual or LaTeX Companion for explanation.
    Type H <return> for immediate help.
     ...
    ! LaTeX Error: Environment bmatrix undefined.
    
    See the LaTeX manual or LaTeX Companion for explanation.
    Type H <return> for immediate help.
     ...
    ! LaTeX Error: \begin{list} on input line 497 ended by \end{bmatrix}.
    
    See the LaTeX manual or LaTeX Companion for explanation.
    Type H <return> for immediate help.
     ...
    ! LaTeX Error: Environment bmatrix undefined.
    
    See the LaTeX manual or LaTeX Companion for explanation.
    Type H <return> for immediate help.
     ...
    ! Misplaced alignment tab character &.
    <argument> ...ix} + X\beta + \begin {bmatrix} Y_1&
     0 \\ 0 & Y_2 \\ \end {bma...
    l.558 }{}
    
    ! Misplaced alignment tab character &.
    <argument> ...eta + \begin {bmatrix} Y_1& 0 \\ 0 &
     Y_2 \\ \end {bmatrix} \be...
    l.558 }{}
    
    ! LaTeX Error: \begin{list} on input line 497 ended by \end{bmatrix}.
    
    See the LaTeX manual or LaTeX Companion for explanation.
    Type H <return> for immediate help.
     ...
    ! LaTeX Error: Environment bmatrix undefined.
    
    See the LaTeX manual or LaTeX Companion for explanation.
    Type H <return> for immediate help.
     ...
    ! LaTeX Error: \begin{list} on input line 497 ended by \end{bmatrix}.
    
    See the LaTeX manual or LaTeX Companion for explanation.
    Type H <return> for immediate help.
     ...
    ! Misplaced alignment tab character &.
    <recently read> &
    
    l.558 }{}
    
    ! LaTeX Error: Environment bmatrix undefined.
    
    See the LaTeX manual or LaTeX Companion for explanation.
    Type H <return> for immediate help.
     ...
    ! Misplaced alignment tab character &.
    <argument> ...+ Y\pi + \\ & W\begin {bmatrix} X_1&
     0 \\ 0 & X_2 \\ \end {bma...
    l.558 }{}
    
    ! Misplaced alignment tab character &.
    <argument> ...\\ & W\begin {bmatrix} X_1& 0 \\ 0 &
     X_2 \\ \end {bmatrix} \be...
    l.558 }{}
    
    ! LaTeX Error: \begin{list} on input line 497 ended by \end{bmatrix}.
    
    See the LaTeX manual or LaTeX Companion for explanation.
    Type H <return> for immediate help.
     ...
    ! LaTeX Error: Environment bmatrix undefined.
    
    See the LaTeX manual or LaTeX Companion for explanation.
    Type H <return> for immediate help.
     ...
    ! LaTeX Error: \begin{list} on input line 497 ended by \end{bmatrix}.
    
    See the LaTeX manual or LaTeX Companion for explanation.
    Type H <return> for immediate help.
     ...
    ! LaTeX Error: Environment bmatrix undefined.
    
    See the LaTeX manual or LaTeX Companion for explanation.
    Type H <return> for immediate help.
     ...
    ! Misplaced alignment tab character &.
    <argument> ...+ WX\delta + W \begin {bmatrix} Y_1&
     0 \\ 0 & Y_2 \\ \end {bma...
    l.558 }{}
    
    ! Misplaced alignment tab character &.
    <argument> ...a + W \begin {bmatrix} Y_1& 0 \\ 0 &
     Y_2 \\ \end {bmatrix} \be...
    l.558 }{}
    
    ! LaTeX Error: \begin{list} on input line 497 ended by \end{bmatrix}.
    
    See the LaTeX manual or LaTeX Companion for explanation.
    Type H <return> for immediate help.
     ...
    ! LaTeX Error: Environment bmatrix undefined.
    
    See the LaTeX manual or LaTeX Companion for explanation.
    Type H <return> for immediate help.
     ...
    ! LaTeX Error: \begin{list} on input line 497 ended by \end{bmatrix}.
    
    See the LaTeX manual or LaTeX Companion for explanation.
    Type H <return> for immediate help.
     ...
    ! LaTeX Error: Environment bmatrix undefined.
    
    See the LaTeX manual or LaTeX Companion for explanation.
    Type H <return> for immediate help.
     ...
    ! LaTeX Error: \begin{list} on input line 497 ended by \end{bmatrix}.
    
    See the LaTeX manual or LaTeX Companion for explanation.
    Type H <return> for immediate help.
     ...
    ! LaTeX Error: \begin{list} on input line 497 ended by \end{aligned}.
    
    See the LaTeX manual or LaTeX Companion for explanation.
    Type H <return> for immediate help.
     ...
    ! LaTeX Error: Environment bmatrix undefined.
    
    See the LaTeX manual or LaTeX Companion for explanation.
    Type H <return> for immediate help.
     ...
    ! LaTeX Error: \begin{list} on input line 497 ended by \end{bmatrix}.
    
    See the LaTeX manual or LaTeX Companion for explanation.
    Type H <return> for immediate help.
     ...
    ! LaTeX Error: Environment bmatrix undefined.
    
    See the LaTeX manual or LaTeX Companion for explanation.
    Type H <return> for immediate help.
     ...
    ! Misplaced alignment tab character &.
    <argument> ... =W \begin {bmatrix} \varepsilon _1&
     0 \\ 0&\varepsilon _2 \\ \...
    l.574 }{}
    
    ! Misplaced alignment tab character &.
    <argument> ...gin {bmatrix} \varepsilon _1&0 \\ 0&
     \varepsilon _2 \\ \end {bm...
    l.574 }{}
    
    ! LaTeX Error: \begin{list} on input line 497 ended by \end{bmatrix}.
    
    See the LaTeX manual or LaTeX Companion for explanation.
    Type H <return> for immediate help.
     ...
    ! LaTeX Error: Environment bmatrix undefined.
    
    See the LaTeX manual or LaTeX Companion for explanation.
    Type H <return> for immediate help.
     ...
    ! LaTeX Error: \begin{list} on input line 497 ended by \end{bmatrix}.
    
    See the LaTeX manual or LaTeX Companion for explanation.
    Type H <return> for immediate help.
     ...
Flavors: r-oldrel-macos-arm64, r-oldrel-macos-x86_64, r-oldrel-windows-ix86+x86_64

Version: 1.1
Check: PDF version of manual without hyperrefs or index
Result: ERROR
Flavors: r-oldrel-macos-arm64, r-oldrel-macos-x86_64, r-oldrel-windows-ix86+x86_64