CRAN Package Check Results for Package hsphase

Last updated on 2021-12-03 02:48:56 CET.

Flavor Version Tinstall Tcheck Ttotal Status Flags
r-devel-linux-x86_64-debian-clang 2.0.2 66.36 55.96 122.32 OK
r-devel-linux-x86_64-debian-gcc 2.0.2 44.56 41.89 86.45 OK
r-devel-linux-x86_64-fedora-clang 2.0.2 193.84 NOTE
r-devel-linux-x86_64-fedora-gcc 2.0.2 160.01 NOTE
r-devel-windows-x86_64-new-UL 2.0.2 96.00 134.00 230.00 OK
r-devel-windows-x86_64-new-TK 2.0.2 OK
r-devel-windows-x86_64-old 2.0.2 88.00 68.00 156.00 OK
r-patched-linux-x86_64 2.0.2 57.57 54.02 111.59 OK
r-patched-solaris-x86 2.0.2 161.30 OK
r-release-linux-x86_64 2.0.2 58.30 53.23 111.53 OK
r-release-macos-arm64 2.0.2 OK
r-release-macos-x86_64 2.0.2 OK
r-release-windows-ix86+x86_64 2.0.2 172.00 114.00 286.00 OK
r-oldrel-macos-x86_64 2.0.2 OK
r-oldrel-windows-ix86+x86_64 2.0.2 167.00 110.00 277.00 OK

Check Details

Version: 2.0.2
Check: compiled code
Result: NOTE
    File ‘hsphase/libs/hsphase.so’:
     Found no calls to: ‘R_registerRoutines’, ‘R_useDynamicSymbols’
    
    It is good practice to register native routines and to disable symbol
    search.
    
    See ‘Writing portable packages’ in the ‘Writing R Extensions’ manual.
Flavors: r-devel-linux-x86_64-fedora-clang, r-devel-linux-x86_64-fedora-gcc