CRAN Package Check Results for Package hpoPlot

Last updated on 2020-09-22 04:49:29 CEST.

Flavor Version Tinstall Tcheck Ttotal Status Flags
r-devel-linux-x86_64-debian-clang 2.4 5.54 62.64 68.18 OK
r-devel-linux-x86_64-debian-gcc 2.4 0.32 2.35 2.67 ERROR
r-devel-linux-x86_64-fedora-clang 2.4 92.15 OK
r-devel-linux-x86_64-fedora-gcc 2.4 83.98 OK
r-devel-windows-ix86+x86_64 2.4 12.00 76.00 88.00 OK
r-patched-linux-x86_64 2.4 5.50 63.22 68.72 OK
r-patched-solaris-x86 2.4 122.90 OK
r-release-linux-x86_64 2.4 5.02 61.87 66.89 OK
r-release-macos-x86_64 2.4 OK
r-release-windows-ix86+x86_64 2.4 13.00 69.00 82.00 OK
r-oldrel-macos-x86_64 2.4 OK
r-oldrel-windows-ix86+x86_64 2.4 9.00 90.00 99.00 OK

Check Details

Version: 2.4
Check: whether package can be installed
Result: ERROR
    Installation failed.
Flavor: r-devel-linux-x86_64-debian-gcc