CRAN Package Check Results for Package hpoPlot

Last updated on 2020-07-14 22:48:07 CEST.

Flavor Version Tinstall Tcheck Ttotal Status Flags
r-devel-linux-x86_64-debian-clang 2.4 5.64 62.09 67.73 OK
r-devel-linux-x86_64-debian-gcc 2.4 4.71 49.39 54.10 OK
r-devel-linux-x86_64-fedora-clang 2.4 90.70 OK
r-devel-linux-x86_64-fedora-gcc 2.4 85.88 OK
r-devel-windows-ix86+x86_64 2.4 17.00 98.00 115.00 OK
r-patched-linux-x86_64 2.4 6.30 62.35 68.65 OK
r-patched-solaris-x86 2.4 122.30 OK
r-release-linux-x86_64 2.4 5.70 61.98 67.68 OK
r-release-macos-x86_64 2.4 ERROR
r-release-windows-ix86+x86_64 2.4 15.00 75.00 90.00 OK
r-oldrel-macos-x86_64 2.4 OK
r-oldrel-windows-ix86+x86_64 2.4 19.00 97.00 116.00 OK

Check Details

Version: 2.4
Check: whether package can be installed
Result: ERROR
    Installation failed.
Flavor: r-release-macos-x86_64