Last updated on 2023-12-10 10:52:32 CET.
Flavor | Version | Tinstall | Tcheck | Ttotal | Status | Flags |
---|---|---|---|---|---|---|
r-devel-linux-x86_64-debian-clang | 0.1.0 | 4.60 | 39.32 | 43.92 | OK | |
r-devel-linux-x86_64-debian-gcc | 0.1.0 | 3.48 | 30.55 | 34.03 | OK | |
r-devel-linux-x86_64-fedora-clang | 0.1.0 | 55.56 | NOTE | |||
r-devel-linux-x86_64-fedora-gcc | 0.1.0 | 51.86 | NOTE | |||
r-devel-windows-x86_64 | 0.1.0 | 5.00 | 59.00 | 64.00 | OK | |
r-patched-linux-x86_64 | 0.1.0 | 4.34 | 39.04 | 43.38 | OK | |
r-release-linux-x86_64 | 0.1.0 | 3.99 | 37.84 | 41.83 | OK | |
r-release-macos-arm64 | 0.1.0 | 21.00 | OK | |||
r-release-macos-x86_64 | 0.1.0 | 29.00 | OK | |||
r-release-windows-x86_64 | 0.1.0 | 6.00 | 55.00 | 61.00 | OK | |
r-oldrel-macos-arm64 | 0.1.0 | 21.00 | NOTE | |||
r-oldrel-macos-x86_64 | 0.1.0 | 30.00 | NOTE | |||
r-oldrel-windows-x86_64 | 0.1.0 | 5.00 | 59.00 | 64.00 | OK |
Version: 0.1.0
Check: data for non-ASCII characters
Result: NOTE
Note: found 124 marked UTF-8 strings
Flavors: r-devel-linux-x86_64-fedora-clang, r-devel-linux-x86_64-fedora-gcc, r-oldrel-macos-arm64, r-oldrel-macos-x86_64