CRAN Package Check Results for Package horizon

Last updated on 2020-04-04 15:48:20 CEST.

Flavor Version Tinstall Tcheck Ttotal Status Flags
r-devel-linux-x86_64-debian-clang 1.2 8.80 70.98 79.78 NOTE
r-devel-linux-x86_64-debian-gcc 1.2 7.15 58.67 65.82 NOTE
r-devel-linux-x86_64-fedora-clang 1.2 94.79 NOTE
r-devel-linux-x86_64-fedora-gcc 1.2 94.26 NOTE
r-devel-windows-ix86+x86_64 1.2 17.00 81.00 98.00 OK
r-devel-windows-ix86+x86_64-gcc8 1.2 15.00 84.00 99.00 OK
r-patched-linux-x86_64 1.2 8.22 68.75 76.97 NOTE
r-patched-solaris-x86 1.2 143.90 NOTE
r-release-linux-x86_64 1.2 7.33 63.38 70.71 OK
r-release-windows-ix86+x86_64 1.2 15.00 109.00 124.00 OK
r-release-osx-x86_64 1.2 OK
r-oldrel-windows-ix86+x86_64 1.2 12.00 79.00 91.00 OK
r-oldrel-osx-x86_64 1.2 OK

Check Details

Version: 1.2
Check: for non-standard things in the check directory
Result: NOTE
    Found the following files/directories:
     'ALB_msk_alt.grd' 'ALB_msk_alt.gri' 'ALB_msk_alt.vrt'
Flavors: r-devel-linux-x86_64-debian-clang, r-devel-linux-x86_64-debian-gcc, r-devel-linux-x86_64-fedora-clang, r-devel-linux-x86_64-fedora-gcc, r-patched-linux-x86_64, r-patched-solaris-x86