CRAN Package Check Results for Package horizon

Last updated on 2019-12-14 03:48:58 CET.

Flavor Version Tinstall Tcheck Ttotal Status Flags
r-devel-linux-x86_64-debian-clang 1.2 8.06 69.36 77.42 NOTE
r-devel-linux-x86_64-debian-gcc 1.2 5.85 56.47 62.32 NOTE
r-devel-linux-x86_64-fedora-clang 1.2 93.93 NOTE
r-devel-linux-x86_64-fedora-gcc 1.2 98.40 NOTE
r-devel-windows-ix86+x86_64 1.2 17.00 103.00 120.00 OK
r-devel-windows-ix86+x86_64-gcc8 1.2 18.00 113.00 131.00 OK
r-patched-linux-x86_64 1.2 7.95 62.94 70.89 OK
r-patched-solaris-x86 1.2 124.20 OK
r-release-linux-x86_64 1.2 7.63 62.43 70.06 OK
r-release-windows-ix86+x86_64 1.2 13.00 81.00 94.00 OK
r-release-osx-x86_64 1.2 OK
r-oldrel-windows-ix86+x86_64 1.2 8.00 80.00 88.00 OK
r-oldrel-osx-x86_64 1.2 OK

Check Details

Version: 1.2
Check: for non-standard things in the check directory
Result: NOTE
    Found the following files/directories:
     'ALB_msk_alt.grd' 'ALB_msk_alt.gri' 'ALB_msk_alt.vrt'
Flavors: r-devel-linux-x86_64-debian-clang, r-devel-linux-x86_64-debian-gcc, r-devel-linux-x86_64-fedora-clang, r-devel-linux-x86_64-fedora-gcc