CRAN Package Check Results for Package horizon

Last updated on 2020-01-19 19:47:54 CET.

Flavor Version Tinstall Tcheck Ttotal Status Flags
r-devel-linux-x86_64-debian-clang 1.2 9.69 71.14 80.83 NOTE
r-devel-linux-x86_64-debian-gcc 1.2 7.64 56.19 63.83 NOTE
r-devel-linux-x86_64-fedora-clang 1.2 96.36 NOTE
r-devel-linux-x86_64-fedora-gcc 1.2 91.24 NOTE
r-devel-windows-ix86+x86_64 1.2 22.00 86.00 108.00 OK
r-devel-windows-ix86+x86_64-gcc8 1.2 17.00 111.00 128.00 OK
r-patched-linux-x86_64 1.2 6.63 62.26 68.89 OK
r-patched-solaris-x86 1.2 125.00 OK
r-release-linux-x86_64 1.2 6.30 63.25 69.55 OK
r-release-windows-ix86+x86_64 1.2 20.00 83.00 103.00 OK
r-release-osx-x86_64 1.2 OK
r-oldrel-windows-ix86+x86_64 1.2 10.00 78.00 88.00 OK
r-oldrel-osx-x86_64 1.2 OK

Check Details

Version: 1.2
Check: for non-standard things in the check directory
Result: NOTE
    Found the following files/directories:
     'ALB_msk_alt.grd' 'ALB_msk_alt.gri' 'ALB_msk_alt.vrt'
Flavors: r-devel-linux-x86_64-debian-clang, r-devel-linux-x86_64-debian-gcc, r-devel-linux-x86_64-fedora-clang, r-devel-linux-x86_64-fedora-gcc