CRAN Package Check Results for Package hopit

Last updated on 2020-01-25 06:51:12 CET.

Flavor Version Tinstall Tcheck Ttotal Status Flags
r-devel-linux-x86_64-debian-clang 0.10.3 51.79 115.17 166.96 OK
r-devel-linux-x86_64-debian-gcc 0.10.3 34.39 89.55 123.94 OK
r-devel-linux-x86_64-fedora-clang 0.10.3 237.15 NOTE
r-devel-linux-x86_64-fedora-gcc 0.10.3 208.50 NOTE
r-devel-windows-ix86+x86_64 0.10.3 98.00 295.00 393.00 OK
r-devel-windows-ix86+x86_64-gcc8 0.10.3 109.00 235.00 344.00 OK
r-patched-linux-x86_64 0.10.3 36.00 104.67 140.67 OK
r-patched-solaris-x86 0.10.3 281.00 NOTE
r-release-linux-x86_64 0.10.3 34.18 106.16 140.34 OK
r-release-windows-ix86+x86_64 0.10.3 76.00 277.00 353.00 OK
r-release-osx-x86_64 0.10.3 NOTE
r-oldrel-windows-ix86+x86_64 0.10.3 66.00 198.00 264.00 OK
r-oldrel-osx-x86_64 0.10.3 NOTE

Check Details

Version: 0.10.3
Check: installed package size
Result: NOTE
     installed size is 9.7Mb
     sub-directories of 1Mb or more:
     libs 9.0Mb
Flavors: r-devel-linux-x86_64-fedora-clang, r-release-osx-x86_64, r-oldrel-osx-x86_64

Version: 0.10.3
Check: dependencies in R code
Result: NOTE
    Namespace in Imports field not imported from: ‘Matrix’
     All declared Imports should be used.
Flavors: r-devel-linux-x86_64-fedora-clang, r-devel-linux-x86_64-fedora-gcc, r-patched-solaris-x86, r-release-osx-x86_64, r-oldrel-osx-x86_64