CRAN Package Check Results for Package hopit

Last updated on 2020-08-12 21:49:43 CEST.

Flavor Version Tinstall Tcheck Ttotal Status Flags
r-devel-linux-x86_64-debian-clang 0.10.3 49.30 119.43 168.73 OK
r-devel-linux-x86_64-debian-gcc 0.10.3 36.31 89.60 125.91 OK
r-devel-linux-x86_64-fedora-clang 0.10.3 230.84 NOTE
r-devel-linux-x86_64-fedora-gcc 0.10.3 202.13 NOTE
r-devel-windows-ix86+x86_64 0.10.3 109.00 282.00 391.00 OK
r-patched-linux-x86_64 0.10.3 39.07 115.21 154.28 OK
r-patched-solaris-x86 0.10.3 302.00 NOTE
r-release-linux-x86_64 0.10.3 40.27 114.97 155.24 OK
r-release-macos-x86_64 0.10.3 NOTE
r-release-windows-ix86+x86_64 0.10.3 114.00 250.00 364.00 OK
r-oldrel-macos-x86_64 0.10.3 NOTE
r-oldrel-windows-ix86+x86_64 0.10.3 65.00 232.00 297.00 OK

Check Details

Version: 0.10.3
Check: installed package size
Result: NOTE
     installed size is 10.2Mb
     sub-directories of 1Mb or more:
     libs 9.4Mb
Flavors: r-devel-linux-x86_64-fedora-clang, r-release-macos-x86_64, r-oldrel-macos-x86_64

Version: 0.10.3
Check: dependencies in R code
Result: NOTE
    Namespace in Imports field not imported from: ‘Matrix’
     All declared Imports should be used.
Flavors: r-devel-linux-x86_64-fedora-clang, r-devel-linux-x86_64-fedora-gcc, r-patched-solaris-x86, r-release-macos-x86_64, r-oldrel-macos-x86_64