CRAN Package Check Results for Package homals

Last updated on 2022-06-26 07:53:43 CEST.

Flavor Version Tinstall Tcheck Ttotal Status Flags
r-devel-linux-x86_64-debian-clang 1.0-10 6.27 59.13 65.40 OK
r-devel-linux-x86_64-debian-gcc 1.0-10 4.42 44.79 49.21 OK
r-devel-linux-x86_64-fedora-clang 1.0-10 86.92 NOTE
r-devel-linux-x86_64-fedora-gcc 1.0-10 85.75 OK
r-devel-windows-x86_64 1.0-10 23.00 77.00 100.00 OK
r-patched-linux-x86_64 1.0-10 4.42 58.78 63.20 OK
r-release-linux-x86_64 1.0-10 5.83 57.00 62.83 OK
r-release-macos-arm64 1.0-10 29.00 OK
r-release-macos-x86_64 1.0-10 37.00 OK
r-release-windows-x86_64 1.0-10 30.00 80.00 110.00 OK
r-oldrel-macos-arm64 1.0-10 28.00 OK
r-oldrel-macos-x86_64 1.0-10 34.00 OK
r-oldrel-windows-ix86+x86_64 1.0-10 10.00 75.00 85.00 OK

Check Details

Version: 1.0-10
Check: Rd cross-references
Result: NOTE
    Undeclared package ‘rgl’ in Rd xrefs
Flavor: r-devel-linux-x86_64-fedora-clang