CRAN Package Check Results for Package hockeystick

Last updated on 2021-05-16 12:49:37 CEST.

Flavor Version Tinstall Tcheck Ttotal Status Flags
r-devel-linux-x86_64-debian-clang 0.5.0 7.94 63.84 71.78 OK
r-devel-linux-x86_64-debian-gcc 0.5.0 5.52 48.73 54.25 OK
r-devel-linux-x86_64-fedora-clang 0.5.0 92.99 OK
r-devel-linux-x86_64-fedora-gcc 0.5.0 43.43 OK
r-devel-windows-ix86+x86_64 0.5.0 19.00 76.00 95.00 OK
r-devel-windows-x86_64-gcc10-UCRT 0.5.0 OK
r-patched-linux-x86_64 0.5.0 7.14 58.43 65.57 OK
r-patched-solaris-x86 0.5.0 113.70 OK
r-release-linux-x86_64 0.5.0 7.13 58.04 65.17 OK
r-release-macos-x86_64 0.5.0 OK
r-release-windows-ix86+x86_64 0.5.0 13.00 82.00 95.00 OK
r-oldrel-macos-x86_64 0.5.0 NOTE
r-oldrel-windows-ix86+x86_64 0.5.0 11.00 81.00 92.00 OK

Check Details

Version: 0.5.0
Check: R code for possible problems
Result: NOTE
    get_hurricanes: no visible global function definition for ‘read_html’
    Undefined global functions or variables:
     read_html
Flavor: r-oldrel-macos-x86_64